{"id":83260,"date":"2024-03-08T17:22:54","date_gmt":"2024-03-08T16:22:54","guid":{"rendered":"https:\/\/ewl.com.pl\/?page_id=83260"},"modified":"2024-03-11T16:18:45","modified_gmt":"2024-03-11T15:18:45","slug":"kontakt-ewl-sa","status":"publish","type":"page","link":"https:\/\/ewl.com.pl\/ewl\/o-nas\/kontakt-ewl-sa\/","title":{"rendered":"Kontakt EWL S.A."},"content":{"rendered":"","protected":false},"excerpt":{"rendered":"","protected":false},"author":6,"featured_media":0,"parent":63,"menu_order":0,"comment_status":"closed","ping_status":"closed","template":"","meta":{"_acf_changed":false,"footnotes":""},"class_list":["post-83260","page","type-page","status-publish","hentry"],"acf":[],"yoast_head":"<!-- This site is optimized with the Yoast SEO plugin v24.9 - https:\/\/yoast.com\/wordpress\/plugins\/seo\/ -->\n<title>Agencja zatrudnienia - Informacje dla inwestor\u00f3w - EWL Group<\/title>\n<meta name=\"description\" content=\"Jedna z najwi\u0119kszych agencji zatrudnienia cudzoziemc\u00f3w w Polsce. Sprawdzony i stabilny partner na rynku pracy obcokrajowc\u00f3w.\" \/>\n<meta name=\"robots\" content=\"index, follow, max-snippet:-1, max-image-preview:large, max-video-preview:-1\" \/>\n<link rel=\"canonical\" href=\"https:\/\/ewl.com.pl\/\" \/>\n<meta property=\"og:locale\" content=\"pl_PL\" \/>\n<meta property=\"og:type\" content=\"article\" \/>\n<meta property=\"og:title\" content=\"Agencja zatrudnienia - Informacje dla inwestor\u00f3w - EWL Group\" \/>\n<meta property=\"og:description\" content=\"Jedna z najwi\u0119kszych agencji zatrudnienia cudzoziemc\u00f3w w Polsce. Sprawdzony i stabilny partner na rynku pracy obcokrajowc\u00f3w.\" \/>\n<meta property=\"og:url\" content=\"https:\/\/ewl.com.pl\/\" \/>\n<meta property=\"og:site_name\" content=\"EWL Group\" \/>\n<meta property=\"article:modified_time\" content=\"2024-03-11T15:18:45+00:00\" \/>\n<meta name=\"twitter:card\" content=\"summary_large_image\" \/>\n<script type=\"application\/ld+json\" class=\"yoast-schema-graph\">{\"@context\":\"https:\/\/schema.org\",\"@graph\":[{\"@type\":\"WebPage\",\"@id\":\"https:\/\/ewl.com.pl\/ewl\/o-nas\/kontakt-ewl-sa\/\",\"url\":\"https:\/\/ewl.com.pl\/\",\"name\":\"Agencja zatrudnienia - Informacje dla inwestor\u00f3w - EWL Group\",\"isPartOf\":{\"@id\":\"https:\/\/ewl.com.pl\/ewl\/#website\"},\"datePublished\":\"2024-03-08T16:22:54+00:00\",\"dateModified\":\"2024-03-11T15:18:45+00:00\",\"description\":\"Jedna z najwi\u0119kszych agencji zatrudnienia cudzoziemc\u00f3w w Polsce. Sprawdzony i stabilny partner na rynku pracy obcokrajowc\u00f3w.\",\"breadcrumb\":{\"@id\":\"https:\/\/ewl.com.pl\/#breadcrumb\"},\"inLanguage\":\"pl-PL\",\"potentialAction\":[{\"@type\":\"ReadAction\",\"target\":[\"https:\/\/ewl.com.pl\/\"]}]},{\"@type\":\"BreadcrumbList\",\"@id\":\"https:\/\/ewl.com.pl\/#breadcrumb\",\"itemListElement\":[{\"@type\":\"ListItem\",\"position\":1,\"name\":\"Home\",\"item\":\"https:\/\/ewl.com.pl\/ewl\/\"},{\"@type\":\"ListItem\",\"position\":2,\"name\":\"Kim jeste\u015bmy?\",\"item\":\"https:\/\/ewl.com.pl\/ewl\/o-nas\/\"},{\"@type\":\"ListItem\",\"position\":3,\"name\":\"Kontakt EWL S.A.\"}]},{\"@type\":\"WebSite\",\"@id\":\"https:\/\/ewl.com.pl\/ewl\/#website\",\"url\":\"https:\/\/ewl.com.pl\/ewl\/\",\"name\":\"EWL Group\",\"description\":\"\",\"publisher\":{\"@id\":\"https:\/\/ewl.com.pl\/ewl\/#organization\"},\"potentialAction\":[{\"@type\":\"SearchAction\",\"target\":{\"@type\":\"EntryPoint\",\"urlTemplate\":\"https:\/\/ewl.com.pl\/ewl\/?s={search_term_string}\"},\"query-input\":{\"@type\":\"PropertyValueSpecification\",\"valueRequired\":true,\"valueName\":\"search_term_string\"}}],\"inLanguage\":\"pl-PL\"},{\"@type\":\"Organization\",\"@id\":\"https:\/\/ewl.com.pl\/ewl\/#organization\",\"name\":\"EWL Group\",\"url\":\"https:\/\/ewl.com.pl\/ewl\/\",\"logo\":{\"@type\":\"ImageObject\",\"inLanguage\":\"pl-PL\",\"@id\":\"https:\/\/ewl.com.pl\/ewl\/#\/schema\/logo\/image\/\",\"url\":\"https:\/\/ewl.com.pl\/wp-content\/uploads\/2020\/06\/logo-white@2x.png\",\"contentUrl\":\"https:\/\/ewl.com.pl\/wp-content\/uploads\/2020\/06\/logo-white@2x.png\",\"width\":312,\"height\":130,\"caption\":\"EWL Group\"},\"image\":{\"@id\":\"https:\/\/ewl.com.pl\/ewl\/#\/schema\/logo\/image\/\"}}]}<\/script>\n<!-- \/ Yoast SEO plugin. -->","yoast_head_json":{"title":"Agencja zatrudnienia - Informacje dla inwestor\u00f3w - EWL Group","description":"Jedna z najwi\u0119kszych agencji zatrudnienia cudzoziemc\u00f3w w Polsce. Sprawdzony i stabilny partner na rynku pracy obcokrajowc\u00f3w.","robots":{"index":"index","follow":"follow","max-snippet":"max-snippet:-1","max-image-preview":"max-image-preview:large","max-video-preview":"max-video-preview:-1"},"canonical":"https:\/\/ewl.com.pl\/","og_locale":"pl_PL","og_type":"article","og_title":"Agencja zatrudnienia - Informacje dla inwestor\u00f3w - EWL Group","og_description":"Jedna z najwi\u0119kszych agencji zatrudnienia cudzoziemc\u00f3w w Polsce. Sprawdzony i stabilny partner na rynku pracy obcokrajowc\u00f3w.","og_url":"https:\/\/ewl.com.pl\/","og_site_name":"EWL Group","article_modified_time":"2024-03-11T15:18:45+00:00","twitter_card":"summary_large_image","schema":{"@context":"https:\/\/schema.org","@graph":[{"@type":"WebPage","@id":"https:\/\/ewl.com.pl\/ewl\/o-nas\/kontakt-ewl-sa\/","url":"https:\/\/ewl.com.pl\/","name":"Agencja zatrudnienia - Informacje dla inwestor\u00f3w - EWL Group","isPartOf":{"@id":"https:\/\/ewl.com.pl\/ewl\/#website"},"datePublished":"2024-03-08T16:22:54+00:00","dateModified":"2024-03-11T15:18:45+00:00","description":"Jedna z najwi\u0119kszych agencji zatrudnienia cudzoziemc\u00f3w w Polsce. Sprawdzony i stabilny partner na rynku pracy obcokrajowc\u00f3w.","breadcrumb":{"@id":"https:\/\/ewl.com.pl\/#breadcrumb"},"inLanguage":"pl-PL","potentialAction":[{"@type":"ReadAction","target":["https:\/\/ewl.com.pl\/"]}]},{"@type":"BreadcrumbList","@id":"https:\/\/ewl.com.pl\/#breadcrumb","itemListElement":[{"@type":"ListItem","position":1,"name":"Home","item":"https:\/\/ewl.com.pl\/ewl\/"},{"@type":"ListItem","position":2,"name":"Kim jeste\u015bmy?","item":"https:\/\/ewl.com.pl\/ewl\/o-nas\/"},{"@type":"ListItem","position":3,"name":"Kontakt EWL S.A."}]},{"@type":"WebSite","@id":"https:\/\/ewl.com.pl\/ewl\/#website","url":"https:\/\/ewl.com.pl\/ewl\/","name":"EWL Group","description":"","publisher":{"@id":"https:\/\/ewl.com.pl\/ewl\/#organization"},"potentialAction":[{"@type":"SearchAction","target":{"@type":"EntryPoint","urlTemplate":"https:\/\/ewl.com.pl\/ewl\/?s={search_term_string}"},"query-input":{"@type":"PropertyValueSpecification","valueRequired":true,"valueName":"search_term_string"}}],"inLanguage":"pl-PL"},{"@type":"Organization","@id":"https:\/\/ewl.com.pl\/ewl\/#organization","name":"EWL Group","url":"https:\/\/ewl.com.pl\/ewl\/","logo":{"@type":"ImageObject","inLanguage":"pl-PL","@id":"https:\/\/ewl.com.pl\/ewl\/#\/schema\/logo\/image\/","url":"https:\/\/ewl.com.pl\/wp-content\/uploads\/2020\/06\/logo-white@2x.png","contentUrl":"https:\/\/ewl.com.pl\/wp-content\/uploads\/2020\/06\/logo-white@2x.png","width":312,"height":130,"caption":"EWL Group"},"image":{"@id":"https:\/\/ewl.com.pl\/ewl\/#\/schema\/logo\/image\/"}}]}},"_links":{"self":[{"href":"https:\/\/ewl.com.pl\/ewl\/wp-json\/wp\/v2\/pages\/83260","targetHints":{"allow":["GET"]}}],"collection":[{"href":"https:\/\/ewl.com.pl\/ewl\/wp-json\/wp\/v2\/pages"}],"about":[{"href":"https:\/\/ewl.com.pl\/ewl\/wp-json\/wp\/v2\/types\/page"}],"author":[{"embeddable":true,"href":"https:\/\/ewl.com.pl\/ewl\/wp-json\/wp\/v2\/users\/6"}],"replies":[{"embeddable":true,"href":"https:\/\/ewl.com.pl\/ewl\/wp-json\/wp\/v2\/comments?post=83260"}],"version-history":[{"count":3,"href":"https:\/\/ewl.com.pl\/ewl\/wp-json\/wp\/v2\/pages\/83260\/revisions"}],"predecessor-version":[{"id":83308,"href":"https:\/\/ewl.com.pl\/ewl\/wp-json\/wp\/v2\/pages\/83260\/revisions\/83308"}],"up":[{"embeddable":true,"href":"https:\/\/ewl.com.pl\/ewl\/wp-json\/wp\/v2\/pages\/63"}],"wp:attachment":[{"href":"https:\/\/ewl.com.pl\/ewl\/wp-json\/wp\/v2\/media?parent=83260"}],"curies":[{"name":"wp","href":"https:\/\/api.w.org\/{rel}","templated":true}]}}