{"id":71596,"date":"2023-05-10T14:39:17","date_gmt":"2023-05-10T12:39:17","guid":{"rendered":"https:\/\/ewl.com.pl\/?page_id=71596"},"modified":"2023-09-08T11:20:36","modified_gmt":"2023-09-08T09:20:36","slug":"jak-wyglada-wspolpraca-z-ewl-group","status":"publish","type":"page","link":"https:\/\/ewl.com.pl\/ewl\/jak-wyglada-wspolpraca-z-ewl-group\/","title":{"rendered":"Jak wygl\u0105da wsp\u00f3\u0142praca z EWL Group?"},"content":{"rendered":"","protected":false},"excerpt":{"rendered":"","protected":false},"author":42,"featured_media":0,"parent":0,"menu_order":0,"comment_status":"closed","ping_status":"closed","template":"info.php","meta":{"_acf_changed":false,"footnotes":""},"class_list":["post-71596","page","type-page","status-publish","hentry"],"acf":[],"yoast_head":"<!-- This site is optimized with the Yoast SEO plugin v24.9 - https:\/\/yoast.com\/wordpress\/plugins\/seo\/ -->\n<title>Jak wygl\u0105da wsp\u00f3\u0142praca z EWL Group?<\/title>\n<meta name=\"description\" content=\"Dowiedz si\u0119 jak wygl\u0105da skuteczna rekrutacja i legalizacja z do\u015bwiadczonym zespo\u0142em agencji EWL Group. Poznaj proces krok po kroku.\" \/>\n<meta name=\"robots\" content=\"noindex, follow\" \/>\n<meta property=\"og:locale\" content=\"pl_PL\" \/>\n<meta property=\"og:type\" content=\"article\" \/>\n<meta property=\"og:title\" content=\"Jak wygl\u0105da wsp\u00f3\u0142praca z EWL Group?\" \/>\n<meta property=\"og:description\" content=\"Dowiedz si\u0119 jak wygl\u0105da skuteczna rekrutacja i legalizacja z do\u015bwiadczonym zespo\u0142em agencji EWL Group. Poznaj proces krok po kroku.\" \/>\n<meta property=\"og:url\" content=\"https:\/\/ewl.com.pl\/ewl\/jak-wyglada-wspolpraca-z-ewl-group\/\" \/>\n<meta property=\"og:site_name\" content=\"EWL Group\" \/>\n<meta property=\"article:modified_time\" content=\"2023-09-08T09:20:36+00:00\" \/>\n<meta property=\"og:image\" content=\"https:\/\/ewl.com.pl\/ewl\/wp-content\/uploads\/2023\/05\/umowa.png\" \/>\n\t<meta property=\"og:image:width\" content=\"999\" \/>\n\t<meta property=\"og:image:height\" content=\"775\" \/>\n\t<meta property=\"og:image:type\" content=\"image\/png\" \/>\n<meta name=\"twitter:card\" content=\"summary_large_image\" \/>\n<meta name=\"twitter:image\" content=\"https:\/\/ewl.com.pl\/ewl\/wp-content\/uploads\/2023\/05\/umowa.png\" \/>\n<script type=\"application\/ld+json\" class=\"yoast-schema-graph\">{\"@context\":\"https:\/\/schema.org\",\"@graph\":[{\"@type\":\"WebPage\",\"@id\":\"https:\/\/ewl.com.pl\/ewl\/jak-wyglada-wspolpraca-z-ewl-group\/\",\"url\":\"https:\/\/ewl.com.pl\/ewl\/jak-wyglada-wspolpraca-z-ewl-group\/\",\"name\":\"Jak wygl\u0105da wsp\u00f3\u0142praca z EWL Group?\",\"isPartOf\":{\"@id\":\"https:\/\/ewl.com.pl\/ewl\/#website\"},\"datePublished\":\"2023-05-10T12:39:17+00:00\",\"dateModified\":\"2023-09-08T09:20:36+00:00\",\"description\":\"Dowiedz si\u0119 jak wygl\u0105da skuteczna rekrutacja i legalizacja z do\u015bwiadczonym zespo\u0142em agencji EWL Group. Poznaj proces krok po kroku.\",\"breadcrumb\":{\"@id\":\"https:\/\/ewl.com.pl\/ewl\/jak-wyglada-wspolpraca-z-ewl-group\/#breadcrumb\"},\"inLanguage\":\"pl-PL\",\"potentialAction\":[{\"@type\":\"ReadAction\",\"target\":[\"https:\/\/ewl.com.pl\/ewl\/jak-wyglada-wspolpraca-z-ewl-group\/\"]}]},{\"@type\":\"BreadcrumbList\",\"@id\":\"https:\/\/ewl.com.pl\/ewl\/jak-wyglada-wspolpraca-z-ewl-group\/#breadcrumb\",\"itemListElement\":[{\"@type\":\"ListItem\",\"position\":1,\"name\":\"Home\",\"item\":\"https:\/\/ewl.com.pl\/ewl\/\"},{\"@type\":\"ListItem\",\"position\":2,\"name\":\"Jak wygl\u0105da wsp\u00f3\u0142praca z EWL Group?\"}]},{\"@type\":\"WebSite\",\"@id\":\"https:\/\/ewl.com.pl\/ewl\/#website\",\"url\":\"https:\/\/ewl.com.pl\/ewl\/\",\"name\":\"EWL Group\",\"description\":\"\",\"publisher\":{\"@id\":\"https:\/\/ewl.com.pl\/ewl\/#organization\"},\"potentialAction\":[{\"@type\":\"SearchAction\",\"target\":{\"@type\":\"EntryPoint\",\"urlTemplate\":\"https:\/\/ewl.com.pl\/ewl\/?s={search_term_string}\"},\"query-input\":{\"@type\":\"PropertyValueSpecification\",\"valueRequired\":true,\"valueName\":\"search_term_string\"}}],\"inLanguage\":\"pl-PL\"},{\"@type\":\"Organization\",\"@id\":\"https:\/\/ewl.com.pl\/ewl\/#organization\",\"name\":\"EWL Group\",\"url\":\"https:\/\/ewl.com.pl\/ewl\/\",\"logo\":{\"@type\":\"ImageObject\",\"inLanguage\":\"pl-PL\",\"@id\":\"https:\/\/ewl.com.pl\/ewl\/#\/schema\/logo\/image\/\",\"url\":\"https:\/\/ewl.com.pl\/wp-content\/uploads\/2020\/06\/logo-white@2x.png\",\"contentUrl\":\"https:\/\/ewl.com.pl\/wp-content\/uploads\/2020\/06\/logo-white@2x.png\",\"width\":312,\"height\":130,\"caption\":\"EWL Group\"},\"image\":{\"@id\":\"https:\/\/ewl.com.pl\/ewl\/#\/schema\/logo\/image\/\"}}]}<\/script>\n<!-- \/ Yoast SEO plugin. -->","yoast_head_json":{"title":"Jak wygl\u0105da wsp\u00f3\u0142praca z EWL Group?","description":"Dowiedz si\u0119 jak wygl\u0105da skuteczna rekrutacja i legalizacja z do\u015bwiadczonym zespo\u0142em agencji EWL Group. Poznaj proces krok po kroku.","robots":{"index":"noindex","follow":"follow"},"og_locale":"pl_PL","og_type":"article","og_title":"Jak wygl\u0105da wsp\u00f3\u0142praca z EWL Group?","og_description":"Dowiedz si\u0119 jak wygl\u0105da skuteczna rekrutacja i legalizacja z do\u015bwiadczonym zespo\u0142em agencji EWL Group. Poznaj proces krok po kroku.","og_url":"https:\/\/ewl.com.pl\/ewl\/jak-wyglada-wspolpraca-z-ewl-group\/","og_site_name":"EWL Group","article_modified_time":"2023-09-08T09:20:36+00:00","og_image":[{"width":999,"height":775,"url":"https:\/\/ewl.com.pl\/ewl\/wp-content\/uploads\/2023\/05\/umowa.png","type":"image\/png"}],"twitter_card":"summary_large_image","twitter_image":"https:\/\/ewl.com.pl\/ewl\/wp-content\/uploads\/2023\/05\/umowa.png","schema":{"@context":"https:\/\/schema.org","@graph":[{"@type":"WebPage","@id":"https:\/\/ewl.com.pl\/ewl\/jak-wyglada-wspolpraca-z-ewl-group\/","url":"https:\/\/ewl.com.pl\/ewl\/jak-wyglada-wspolpraca-z-ewl-group\/","name":"Jak wygl\u0105da wsp\u00f3\u0142praca z EWL Group?","isPartOf":{"@id":"https:\/\/ewl.com.pl\/ewl\/#website"},"datePublished":"2023-05-10T12:39:17+00:00","dateModified":"2023-09-08T09:20:36+00:00","description":"Dowiedz si\u0119 jak wygl\u0105da skuteczna rekrutacja i legalizacja z do\u015bwiadczonym zespo\u0142em agencji EWL Group. Poznaj proces krok po kroku.","breadcrumb":{"@id":"https:\/\/ewl.com.pl\/ewl\/jak-wyglada-wspolpraca-z-ewl-group\/#breadcrumb"},"inLanguage":"pl-PL","potentialAction":[{"@type":"ReadAction","target":["https:\/\/ewl.com.pl\/ewl\/jak-wyglada-wspolpraca-z-ewl-group\/"]}]},{"@type":"BreadcrumbList","@id":"https:\/\/ewl.com.pl\/ewl\/jak-wyglada-wspolpraca-z-ewl-group\/#breadcrumb","itemListElement":[{"@type":"ListItem","position":1,"name":"Home","item":"https:\/\/ewl.com.pl\/ewl\/"},{"@type":"ListItem","position":2,"name":"Jak wygl\u0105da wsp\u00f3\u0142praca z EWL Group?"}]},{"@type":"WebSite","@id":"https:\/\/ewl.com.pl\/ewl\/#website","url":"https:\/\/ewl.com.pl\/ewl\/","name":"EWL Group","description":"","publisher":{"@id":"https:\/\/ewl.com.pl\/ewl\/#organization"},"potentialAction":[{"@type":"SearchAction","target":{"@type":"EntryPoint","urlTemplate":"https:\/\/ewl.com.pl\/ewl\/?s={search_term_string}"},"query-input":{"@type":"PropertyValueSpecification","valueRequired":true,"valueName":"search_term_string"}}],"inLanguage":"pl-PL"},{"@type":"Organization","@id":"https:\/\/ewl.com.pl\/ewl\/#organization","name":"EWL Group","url":"https:\/\/ewl.com.pl\/ewl\/","logo":{"@type":"ImageObject","inLanguage":"pl-PL","@id":"https:\/\/ewl.com.pl\/ewl\/#\/schema\/logo\/image\/","url":"https:\/\/ewl.com.pl\/wp-content\/uploads\/2020\/06\/logo-white@2x.png","contentUrl":"https:\/\/ewl.com.pl\/wp-content\/uploads\/2020\/06\/logo-white@2x.png","width":312,"height":130,"caption":"EWL Group"},"image":{"@id":"https:\/\/ewl.com.pl\/ewl\/#\/schema\/logo\/image\/"}}]}},"_links":{"self":[{"href":"https:\/\/ewl.com.pl\/ewl\/wp-json\/wp\/v2\/pages\/71596","targetHints":{"allow":["GET"]}}],"collection":[{"href":"https:\/\/ewl.com.pl\/ewl\/wp-json\/wp\/v2\/pages"}],"about":[{"href":"https:\/\/ewl.com.pl\/ewl\/wp-json\/wp\/v2\/types\/page"}],"author":[{"embeddable":true,"href":"https:\/\/ewl.com.pl\/ewl\/wp-json\/wp\/v2\/users\/42"}],"replies":[{"embeddable":true,"href":"https:\/\/ewl.com.pl\/ewl\/wp-json\/wp\/v2\/comments?post=71596"}],"version-history":[{"count":65,"href":"https:\/\/ewl.com.pl\/ewl\/wp-json\/wp\/v2\/pages\/71596\/revisions"}],"predecessor-version":[{"id":79864,"href":"https:\/\/ewl.com.pl\/ewl\/wp-json\/wp\/v2\/pages\/71596\/revisions\/79864"}],"wp:attachment":[{"href":"https:\/\/ewl.com.pl\/ewl\/wp-json\/wp\/v2\/media?parent=71596"}],"curies":[{"name":"wp","href":"https:\/\/api.w.org\/{rel}","templated":true}]}}