{"id":51348,"date":"2021-11-10T15:29:57","date_gmt":"2021-11-10T14:29:57","guid":{"rendered":"https:\/\/ewl.com.pl\/?page_id=51348"},"modified":"2022-01-14T14:47:44","modified_gmt":"2022-01-14T13:47:44","slug":"rekrutacja-pracownikow-fizycznych-do-zakladow-produkcyjnych-case-study","status":"publish","type":"page","link":"https:\/\/ewl.com.pl\/ewl\/case-study\/rekrutacja-pracownikow-fizycznych-do-zakladow-produkcyjnych-case-study\/","title":{"rendered":"Rekrutacja pracownik\u00f3w fizycznych do zak\u0142ad\u00f3w produkcyjnych"},"content":{"rendered":"","protected":false},"excerpt":{"rendered":"","protected":false},"author":42,"featured_media":0,"parent":50185,"menu_order":0,"comment_status":"closed","ping_status":"closed","template":"info.php","meta":{"_acf_changed":false,"footnotes":""},"class_list":["post-51348","page","type-page","status-publish","hentry"],"acf":[],"yoast_head":"<!-- This site is optimized with the Yoast SEO plugin v24.9 - https:\/\/yoast.com\/wordpress\/plugins\/seo\/ -->\n<title>Jak zrekrutowa\u0107 pracownik\u00f3w fizycznych do zak\u0142ad\u00f3w produkcyjnych?<\/title>\n<meta name=\"description\" content=\"Case Study jednej z realizacji EWL dla firmy produkcyjnej z bran\u017cy produkcyjnej. Sprawd\u017a jak us\u0142ugi i rozwi\u0105zania EWL pomagaj\u0105 usprawni\u0107 biznes!\" \/>\n<meta name=\"robots\" content=\"index, follow, max-snippet:-1, max-image-preview:large, max-video-preview:-1\" \/>\n<link rel=\"canonical\" href=\"https:\/\/ewl.com.pl\/ewl\/case-study\/rekrutacja-pracownikow-fizycznych-do-zakladow-produkcyjnych-case-study\/\" \/>\n<meta property=\"og:locale\" content=\"pl_PL\" \/>\n<meta property=\"og:type\" content=\"article\" \/>\n<meta property=\"og:title\" content=\"Jak zrekrutowa\u0107 pracownik\u00f3w fizycznych do zak\u0142ad\u00f3w produkcyjnych?\" \/>\n<meta property=\"og:description\" content=\"Case Study jednej z realizacji EWL dla firmy produkcyjnej z bran\u017cy produkcyjnej. Sprawd\u017a jak us\u0142ugi i rozwi\u0105zania EWL pomagaj\u0105 usprawni\u0107 biznes!\" \/>\n<meta property=\"og:url\" content=\"https:\/\/ewl.com.pl\/ewl\/case-study\/rekrutacja-pracownikow-fizycznych-do-zakladow-produkcyjnych-case-study\/\" \/>\n<meta property=\"og:site_name\" content=\"EWL Group\" \/>\n<meta property=\"article:modified_time\" content=\"2022-01-14T13:47:44+00:00\" \/>\n<meta name=\"twitter:card\" content=\"summary_large_image\" \/>\n<script type=\"application\/ld+json\" class=\"yoast-schema-graph\">{\"@context\":\"https:\/\/schema.org\",\"@graph\":[{\"@type\":\"WebPage\",\"@id\":\"https:\/\/ewl.com.pl\/ewl\/case-study\/rekrutacja-pracownikow-fizycznych-do-zakladow-produkcyjnych-case-study\/\",\"url\":\"https:\/\/ewl.com.pl\/ewl\/case-study\/rekrutacja-pracownikow-fizycznych-do-zakladow-produkcyjnych-case-study\/\",\"name\":\"Jak zrekrutowa\u0107 pracownik\u00f3w fizycznych do zak\u0142ad\u00f3w produkcyjnych?\",\"isPartOf\":{\"@id\":\"https:\/\/ewl.com.pl\/ewl\/#website\"},\"datePublished\":\"2021-11-10T14:29:57+00:00\",\"dateModified\":\"2022-01-14T13:47:44+00:00\",\"description\":\"Case Study jednej z realizacji EWL dla firmy produkcyjnej z bran\u017cy produkcyjnej. Sprawd\u017a jak us\u0142ugi i rozwi\u0105zania EWL pomagaj\u0105 usprawni\u0107 biznes!\",\"breadcrumb\":{\"@id\":\"https:\/\/ewl.com.pl\/ewl\/case-study\/rekrutacja-pracownikow-fizycznych-do-zakladow-produkcyjnych-case-study\/#breadcrumb\"},\"inLanguage\":\"pl-PL\",\"potentialAction\":[{\"@type\":\"ReadAction\",\"target\":[\"https:\/\/ewl.com.pl\/ewl\/case-study\/rekrutacja-pracownikow-fizycznych-do-zakladow-produkcyjnych-case-study\/\"]}]},{\"@type\":\"BreadcrumbList\",\"@id\":\"https:\/\/ewl.com.pl\/ewl\/case-study\/rekrutacja-pracownikow-fizycznych-do-zakladow-produkcyjnych-case-study\/#breadcrumb\",\"itemListElement\":[{\"@type\":\"ListItem\",\"position\":1,\"name\":\"Home\",\"item\":\"https:\/\/ewl.com.pl\/ewl\/\"},{\"@type\":\"ListItem\",\"position\":2,\"name\":\"Case study\",\"item\":\"https:\/\/ewl.com.pl\/ewl\/case-study\/\"},{\"@type\":\"ListItem\",\"position\":3,\"name\":\"Rekrutacja pracownik\u00f3w fizycznych do zak\u0142ad\u00f3w produkcyjnych\"}]},{\"@type\":\"WebSite\",\"@id\":\"https:\/\/ewl.com.pl\/ewl\/#website\",\"url\":\"https:\/\/ewl.com.pl\/ewl\/\",\"name\":\"EWL Group\",\"description\":\"\",\"publisher\":{\"@id\":\"https:\/\/ewl.com.pl\/ewl\/#organization\"},\"potentialAction\":[{\"@type\":\"SearchAction\",\"target\":{\"@type\":\"EntryPoint\",\"urlTemplate\":\"https:\/\/ewl.com.pl\/ewl\/?s={search_term_string}\"},\"query-input\":{\"@type\":\"PropertyValueSpecification\",\"valueRequired\":true,\"valueName\":\"search_term_string\"}}],\"inLanguage\":\"pl-PL\"},{\"@type\":\"Organization\",\"@id\":\"https:\/\/ewl.com.pl\/ewl\/#organization\",\"name\":\"EWL Group\",\"url\":\"https:\/\/ewl.com.pl\/ewl\/\",\"logo\":{\"@type\":\"ImageObject\",\"inLanguage\":\"pl-PL\",\"@id\":\"https:\/\/ewl.com.pl\/ewl\/#\/schema\/logo\/image\/\",\"url\":\"https:\/\/ewl.com.pl\/wp-content\/uploads\/2020\/06\/logo-white@2x.png\",\"contentUrl\":\"https:\/\/ewl.com.pl\/wp-content\/uploads\/2020\/06\/logo-white@2x.png\",\"width\":312,\"height\":130,\"caption\":\"EWL Group\"},\"image\":{\"@id\":\"https:\/\/ewl.com.pl\/ewl\/#\/schema\/logo\/image\/\"}}]}<\/script>\n<!-- \/ Yoast SEO plugin. -->","yoast_head_json":{"title":"Jak zrekrutowa\u0107 pracownik\u00f3w fizycznych do zak\u0142ad\u00f3w produkcyjnych?","description":"Case Study jednej z realizacji EWL dla firmy produkcyjnej z bran\u017cy produkcyjnej. Sprawd\u017a jak us\u0142ugi i rozwi\u0105zania EWL pomagaj\u0105 usprawni\u0107 biznes!","robots":{"index":"index","follow":"follow","max-snippet":"max-snippet:-1","max-image-preview":"max-image-preview:large","max-video-preview":"max-video-preview:-1"},"canonical":"https:\/\/ewl.com.pl\/ewl\/case-study\/rekrutacja-pracownikow-fizycznych-do-zakladow-produkcyjnych-case-study\/","og_locale":"pl_PL","og_type":"article","og_title":"Jak zrekrutowa\u0107 pracownik\u00f3w fizycznych do zak\u0142ad\u00f3w produkcyjnych?","og_description":"Case Study jednej z realizacji EWL dla firmy produkcyjnej z bran\u017cy produkcyjnej. Sprawd\u017a jak us\u0142ugi i rozwi\u0105zania EWL pomagaj\u0105 usprawni\u0107 biznes!","og_url":"https:\/\/ewl.com.pl\/ewl\/case-study\/rekrutacja-pracownikow-fizycznych-do-zakladow-produkcyjnych-case-study\/","og_site_name":"EWL Group","article_modified_time":"2022-01-14T13:47:44+00:00","twitter_card":"summary_large_image","schema":{"@context":"https:\/\/schema.org","@graph":[{"@type":"WebPage","@id":"https:\/\/ewl.com.pl\/ewl\/case-study\/rekrutacja-pracownikow-fizycznych-do-zakladow-produkcyjnych-case-study\/","url":"https:\/\/ewl.com.pl\/ewl\/case-study\/rekrutacja-pracownikow-fizycznych-do-zakladow-produkcyjnych-case-study\/","name":"Jak zrekrutowa\u0107 pracownik\u00f3w fizycznych do zak\u0142ad\u00f3w produkcyjnych?","isPartOf":{"@id":"https:\/\/ewl.com.pl\/ewl\/#website"},"datePublished":"2021-11-10T14:29:57+00:00","dateModified":"2022-01-14T13:47:44+00:00","description":"Case Study jednej z realizacji EWL dla firmy produkcyjnej z bran\u017cy produkcyjnej. Sprawd\u017a jak us\u0142ugi i rozwi\u0105zania EWL pomagaj\u0105 usprawni\u0107 biznes!","breadcrumb":{"@id":"https:\/\/ewl.com.pl\/ewl\/case-study\/rekrutacja-pracownikow-fizycznych-do-zakladow-produkcyjnych-case-study\/#breadcrumb"},"inLanguage":"pl-PL","potentialAction":[{"@type":"ReadAction","target":["https:\/\/ewl.com.pl\/ewl\/case-study\/rekrutacja-pracownikow-fizycznych-do-zakladow-produkcyjnych-case-study\/"]}]},{"@type":"BreadcrumbList","@id":"https:\/\/ewl.com.pl\/ewl\/case-study\/rekrutacja-pracownikow-fizycznych-do-zakladow-produkcyjnych-case-study\/#breadcrumb","itemListElement":[{"@type":"ListItem","position":1,"name":"Home","item":"https:\/\/ewl.com.pl\/ewl\/"},{"@type":"ListItem","position":2,"name":"Case study","item":"https:\/\/ewl.com.pl\/ewl\/case-study\/"},{"@type":"ListItem","position":3,"name":"Rekrutacja pracownik\u00f3w fizycznych do zak\u0142ad\u00f3w produkcyjnych"}]},{"@type":"WebSite","@id":"https:\/\/ewl.com.pl\/ewl\/#website","url":"https:\/\/ewl.com.pl\/ewl\/","name":"EWL Group","description":"","publisher":{"@id":"https:\/\/ewl.com.pl\/ewl\/#organization"},"potentialAction":[{"@type":"SearchAction","target":{"@type":"EntryPoint","urlTemplate":"https:\/\/ewl.com.pl\/ewl\/?s={search_term_string}"},"query-input":{"@type":"PropertyValueSpecification","valueRequired":true,"valueName":"search_term_string"}}],"inLanguage":"pl-PL"},{"@type":"Organization","@id":"https:\/\/ewl.com.pl\/ewl\/#organization","name":"EWL Group","url":"https:\/\/ewl.com.pl\/ewl\/","logo":{"@type":"ImageObject","inLanguage":"pl-PL","@id":"https:\/\/ewl.com.pl\/ewl\/#\/schema\/logo\/image\/","url":"https:\/\/ewl.com.pl\/wp-content\/uploads\/2020\/06\/logo-white@2x.png","contentUrl":"https:\/\/ewl.com.pl\/wp-content\/uploads\/2020\/06\/logo-white@2x.png","width":312,"height":130,"caption":"EWL Group"},"image":{"@id":"https:\/\/ewl.com.pl\/ewl\/#\/schema\/logo\/image\/"}}]}},"_links":{"self":[{"href":"https:\/\/ewl.com.pl\/ewl\/wp-json\/wp\/v2\/pages\/51348","targetHints":{"allow":["GET"]}}],"collection":[{"href":"https:\/\/ewl.com.pl\/ewl\/wp-json\/wp\/v2\/pages"}],"about":[{"href":"https:\/\/ewl.com.pl\/ewl\/wp-json\/wp\/v2\/types\/page"}],"author":[{"embeddable":true,"href":"https:\/\/ewl.com.pl\/ewl\/wp-json\/wp\/v2\/users\/42"}],"replies":[{"embeddable":true,"href":"https:\/\/ewl.com.pl\/ewl\/wp-json\/wp\/v2\/comments?post=51348"}],"version-history":[{"count":28,"href":"https:\/\/ewl.com.pl\/ewl\/wp-json\/wp\/v2\/pages\/51348\/revisions"}],"predecessor-version":[{"id":53026,"href":"https:\/\/ewl.com.pl\/ewl\/wp-json\/wp\/v2\/pages\/51348\/revisions\/53026"}],"up":[{"embeddable":true,"href":"https:\/\/ewl.com.pl\/ewl\/wp-json\/wp\/v2\/pages\/50185"}],"wp:attachment":[{"href":"https:\/\/ewl.com.pl\/ewl\/wp-json\/wp\/v2\/media?parent=51348"}],"curies":[{"name":"wp","href":"https:\/\/api.w.org\/{rel}","templated":true}]}}