{"id":51012,"date":"2021-10-21T07:16:07","date_gmt":"2021-10-21T05:16:07","guid":{"rendered":"https:\/\/ewl.com.pl\/?page_id=51012"},"modified":"2023-04-06T08:40:15","modified_gmt":"2023-04-06T06:40:15","slug":"agencja-pracy-gdansk","status":"publish","type":"page","link":"https:\/\/ewl.com.pl\/ewl\/agencja-pracy-gdansk\/","title":{"rendered":"Agencja pracy EWL w Gda\u0144sku"},"content":{"rendered":"\n<p><strong>Agencja pracy EWL <\/strong>jest firm\u0105 dzia\u0142aj\u0105c\u0105 na terenie ca\u0142ej Polski. Prowadzimy rekrutacje i \u015bwiadczymy us\u0142ugi po\u015brednictwa pracy r\u00f3wnie\u017c na terenie Gda\u0144ska, a tak\u017ce ca\u0142ego wojew\u00f3dztwa pomorskiego. EWL to do\u015bwiadczona agencja pracy tymczasowej, kt\u00f3ra proponuje Pa\u0144stwu ofert\u0119 dopasowan\u0105 idealnie do potrzeb Pa\u0144stwa firmy, z uwzgl\u0119dnieniem jej wielko\u015bci oraz bran\u017cy, w kt\u00f3rej dzia\u0142a.<\/p>\n\n\n<div class=\"wp-block-image\">\n<figure class=\"aligncenter size-large\"><img loading=\"lazy\" decoding=\"async\" width=\"1024\" height=\"310\" src=\"https:\/\/ewl.com.pl\/wp-content\/uploads\/2021\/10\/agencja-pracy-gdansk-trojmiasto-ewl.jpg\" alt=\"Agencja pracy w Gda\u0144sku. Po\u015brednictwo pracy Tr\u00f3jmiasto.\" class=\"wp-image-51004\" srcset=\"https:\/\/ewl.com.pl\/ewl\/wp-content\/uploads\/2021\/10\/agencja-pracy-gdansk-trojmiasto-ewl.jpg 1024w, https:\/\/ewl.com.pl\/ewl\/wp-content\/uploads\/2021\/10\/agencja-pracy-gdansk-trojmiasto-ewl-300x91.jpg 300w, https:\/\/ewl.com.pl\/ewl\/wp-content\/uploads\/2021\/10\/agencja-pracy-gdansk-trojmiasto-ewl-768x233.jpg 768w\" sizes=\"auto, (max-width: 1024px) 100vw, 1024px\" \/><\/figure><\/div>\n\n\n<p>EWL zatrudnia wykwalifikowanych rekruter\u00f3w, kt\u00f3rzy nie tylko rozumiej\u0105 Pa\u0144stwa potrzeby, ale&nbsp;uwzgl\u0119dniaj\u0105 r\u00f3wnie\u017c potrzeby lokalnego, pomorskiego rynku pracy. Tworzymy rozbudowan\u0105 sie\u0107 rekrutacyjn\u0105, kt\u00f3ra pozwala nam na <strong>pozyskiwanie najlepszych pracownik\u00f3w<\/strong> do Pa\u0144stwa firmy.<\/p>\n\n\n\n<p>Nasza agencja pracy jest w&nbsp;stanie w kr\u00f3tkim czasie znale\u017a\u0107, przeszkoli\u0107 oraz zatrudni\u0107 pracownik\u00f3w do Pa\u0144stwa przedsi\u0119biorstwa. Oferujemy pomoc w zatrudnianiu zar\u00f3wno pracownik\u00f3w sta\u0142ych, jak&nbsp;i&nbsp;tymczasowych.<\/p>\n\n\n<h2 class=\"wp-block-heading\" id=\"agencja-pracy-gdansk-i-trojmiasto\">Agencja pracy &#8211; Gda\u0144sk i Tr\u00f3jmiasto<\/h2>\n\n\n<p>EWL <strong>poszukuje wykwalifikowanych specjalist\u00f3w<\/strong> nie tylko na terenie Tr\u00f3jmiasta, wojew\u00f3dztwa pomorskiego czy na terenie Polski. Pozyskujemy r\u00f3wnie\u017c pracownik\u00f3w na terenie Ukrainy oraz innych kraj\u00f3w Europy Wschodniej, a nawet Azji.<\/p>\n\n\n\n<p>Opr\u00f3cz tego, EWL zajmuje si\u0119 szeregiem innych us\u0142ug. Do obszar\u00f3w naszej dzia\u0142alno\u015bci nale\u017c\u0105 m.in. takie us\u0142ugi, jak:<\/p>\n\n\n\n<ul class=\"wp-block-list\">\n<li><a href=\"https:\/\/ewl.com.pl\/leasing-pracownikow\/\"><strong>Leasing pracowniczy, czyli wynajem pracownik\u00f3w<\/strong><\/a><\/li>\n\n\n\n<li><a href=\"https:\/\/ewl.com.pl\/outsourcing-procesow-i-pracownikow\/\"><strong>Outsourcing proces\u00f3w i funkcji<\/strong><\/a><\/li>\n\n\n\n<li><a href=\"https:\/\/ewl.com.pl\/legalizacja-zatrudnienia-cudzoziemcow\/\"><strong>Legalizacja pobytu i zatrudnienia cudzoziemc\u00f3w<\/strong><\/a><\/li>\n\n\n\n<li><a href=\"https:\/\/ewl.com.pl\/transgraniczne-delegowanie-pracownikow\/\"><strong>Transgraniczne delegowanie cudzoziemc\u00f3w do pracy w krajach Unii Europejskiej<\/strong><\/a><\/li>\n<\/ul>\n\n\n\n<p><strong>Agencja pracy tymczasowe<\/strong>j EWL przeprowadzi\u0142a r\u00f3wnie\u017c wiele udanych proces\u00f3w rekrutacyjnych na&nbsp;terenie Gda\u0144ska oraz wojew\u00f3dztwa pomorskiego. Oferujemy m.in.:<\/p>\n\n\n\n<ul class=\"wp-block-list\">\n<li><a href=\"https:\/\/ewl.com.pl\/pracownicy-z-ukrainy-i-europy-wschodniej\/\"><strong>Rekrutacj\u0119 pracownik\u00f3w z Ukrainy<\/strong><\/a><\/li>\n\n\n\n<li><a href=\"https:\/\/ewl.com.pl\/pracownicy-produkcji\/\"><strong>Zatrudnianie pracownik\u00f3w do firm produkcyjnych<\/strong><\/a><\/li>\n\n\n\n<li><a href=\"https:\/\/ewl.com.pl\/pracownicy-tymczasowi\/\"><strong>Zatrudnianie pracownik\u00f3w tymczasowych i sezonowych<\/strong><\/a><\/li>\n<\/ul>\n\n\n\n<hr class=\"wp-block-separator has-css-opacity\"\/>\n\n\n\n<p><\/p>\n\n\n\n\n\n<p><\/p>\n\n\n\n<hr class=\"wp-block-separator has-css-opacity\"\/>\n\n\n<h2 class=\"wp-block-heading\" id=\"agencja-pracy-tymczasowej-gdansk-i-pomorskie\">Agencja pracy tymczasowej \u2013 Gda\u0144sk i pomorskie<\/h2>\n\n<div class=\"wp-block-image\">\n<figure class=\"alignright size-large is-resized\"><img loading=\"lazy\" decoding=\"async\" src=\"https:\/\/ewl.com.pl\/wp-content\/uploads\/2021\/02\/pracownicy-na-wynajem-dla-firm-agencja-ewl-1024x703.jpg\" alt=\"Leasing i wynajem pracownik\u00f3w na potrzeby firmy\" class=\"wp-image-45747\" width=\"256\" height=\"176\" srcset=\"https:\/\/ewl.com.pl\/ewl\/wp-content\/uploads\/2021\/02\/pracownicy-na-wynajem-dla-firm-agencja-ewl-1024x703.jpg 1024w, https:\/\/ewl.com.pl\/ewl\/wp-content\/uploads\/2021\/02\/pracownicy-na-wynajem-dla-firm-agencja-ewl-300x206.jpg 300w, https:\/\/ewl.com.pl\/ewl\/wp-content\/uploads\/2021\/02\/pracownicy-na-wynajem-dla-firm-agencja-ewl-768x527.jpg 768w, https:\/\/ewl.com.pl\/ewl\/wp-content\/uploads\/2021\/02\/pracownicy-na-wynajem-dla-firm-agencja-ewl.jpg 1200w\" sizes=\"auto, (max-width: 256px) 100vw, 256px\" \/><\/figure><\/div>\n\n\n<p>Gda\u0144skie biuro agencji EWL mie\u015bci si\u0119 przy ulicy <strong>Partyzant\u00f3w 9<\/strong>. Ulica ta znajduje si\u0119 w dzielnicy Gda\u0144sk Wrzeszcz. W pobli\u017cu biura dzia\u0142a centrum handlowe Manhattan, jedno z bardziej rozpoznawalnych w mie\u015bcie. Z dworca PKP Gda\u0144sk Wrzeszcz do naszego biura jest zaledwie 9 minut pieszo przez ulic\u0119 Klonow\u0105. T\u0119 sam\u0105 tras\u0119 mo\u017cna pokona\u0107 samochodem w 4 minuty.<\/p>\n\n\n\n<p><strong>Biuro agencji <\/strong>EWL znajduje si\u0119 tak\u017ce w pobli\u017cu Portu Lotniczego im. Lecha Wa\u0142\u0119sy. Tras\u0119 z lotniska do biura na ulicy Partyzant\u00f3w 9 mo\u017cna pokona\u0107 samochodem w nieca\u0142y kwadrans drog\u0105 wojew\u00f3dzk\u0105 nr 492. Z lotniska do biura mo\u017cna si\u0119 dosta\u0107 r\u00f3wnie\u017c dwoma autobusami: linii 157 lub 110. Na tak\u0105 podr\u00f3\u017c trzeba po\u015bwi\u0119ci\u0107 oko\u0142o 45 minut.<\/p>\n\n\n\n<p>Lokalizacja biura w dzielnicy Wrzeszcz oraz blisko\u015b\u0107 przystank\u00f3w komunikacji miejskiej sprawia, \u017ce&nbsp;dojazd do biura jest dogodny nawet dla niezmotoryzowanych mieszka\u0144c\u00f3w Gda\u0144ska i okolic.<\/p>\n\n\n<h2 class=\"wp-block-heading\" id=\"jakie-firmy-funkcjonuja-w-gdansku-i-rejonie\">Jakie firmy funkcjonuj\u0105 w Gda\u0144sku i rejonie?<\/h2>\n\n\n<p>Gda\u0144sk wi\u0119kszo\u015bci Polak\u00f3w kojarzy si\u0119 g\u0142\u00f3wnie ze <strong>Stoczni\u0105<\/strong>, kt\u00f3ra zajmuje si\u0119 produkcj\u0105 statk\u00f3w i okr\u0119t\u00f3w, ale w regionie funkcjonuje r\u00f3wnie\u017c wiele innych przedsi\u0119biorstw.<\/p>\n\n\n\n<p>W Gda\u0144sku i wojew\u00f3dztwie pomorskim dzia\u0142a wiele firm <strong>przemys\u0142u spo\u017cywczego<\/strong>. Jak mo\u017cna si\u0119 domy\u015bli\u0107, po\u0142o\u017cenie Gda\u0144ska nad Morzem Ba\u0142tyckim sprawia, \u017ce gda\u0144ska bran\u017ca spo\u017cywcza zajmuje si\u0119 przede wszystkim przetw\u00f3rstwem ryb oraz produkt\u00f3w z owoc\u00f3w morza.<\/p>\n\n\n\n<p>W Gda\u0144sku i ca\u0142ym wojew\u00f3dztwie pomorskim funkcjonuj\u0105 r\u00f3wnie\u017c przedsi\u0119biorstwa dzia\u0142aj\u0105ce w&nbsp;<strong>przemy\u015ble drzewnym i meblarskim<\/strong>, energetycznym oraz chemicznym.<\/p>\n\n\n<h2 class=\"wp-block-heading\" id=\"jacy-pracownicy-tymczasowi-sa-potrzebni-w-gdansku-i-wojewodztwie-pomorskim\">Jacy pracownicy tymczasowi s\u0105 potrzebni w Gda\u0144sku i wojew\u00f3dztwie pomorskim?<\/h2>\n\n\n<p>Ze wzgl\u0119du na wiele firm produkcyjnych dzia\u0142aj\u0105cych w regionie, zapotrzebowanie na <a href=\"https:\/\/ewl.com.pl\/pracownicy-produkcji\/\"><strong>pracownik\u00f3w produkcyjnych<\/strong><\/a> jest du\u017ce. Mowa tutaj nie tylko o pracownikach sta\u0142ych, ale r\u00f3wnie\u017c sezonowych, kt\u00f3rzy wsparliby produkcj\u0119 w okresie zwi\u0119kszonego zapotrzebowania na produkt.<\/p>\n\n\n\n<p>Mimo \u017ce praca produkcyjna nie wydaje si\u0119 skomplikowana, to <strong>wykwalifikowany pracownik produkcji ma kluczowe znaczenie dla sukcesu ca\u0142ego przedsi\u0119biorstwa<\/strong>. Poza tym, specyfika pracy firmy produkcyjnej nierzadko wymaga obsadzenia wielu stanowisk w kr\u00f3tkim czasie.<\/p>\n\n\n\n<p>Aby u\u0142atwi\u0107 Pa\u0144stwu ten proces, <strong>agencja pracy EWL<\/strong> zatrudnia wykwalifikowanych rekruter\u00f3w, wspieraj\u0105cych Pa\u0144stwa r\u00f3wnie\u017c w procesie szkolenia i wdra\u017cania pracownik\u00f3w w obowi\u0105zki.<\/p>\n\n\n<h2 class=\"wp-block-heading\" id=\"jakich-pracownikow-pozyskuje-firma-ewl\">Jakich pracownik\u00f3w pozyskuje firma EWL?<\/h2>\n\n\n<p><strong>Agencja pracy tymczasowej<\/strong> EWL od lat wsp\u00f3\u0142pracuje z firmami z r\u00f3\u017cnych sektor\u00f3w. Tworzymy rozbudowan\u0105 sie\u0107 partner\u00f3w, kt\u00f3ra umo\u017cliwia nam pozyskiwanie specjalist\u00f3w z r\u00f3\u017cnych bran\u017c. Dzi\u0119ki temu mo\u017cemy rekrutowa\u0107 dla Pa\u0144stwa specjalist\u00f3w z r\u00f3\u017cnych dzia\u0142aj\u0105cych m.in. w logistyce, automotive czy bran\u017cy spo\u017cywczej.<\/p>\n\n\n\n<p>Agencja EWL posiada szerokie do\u015bwiadczenie w bran\u017cy HR, dzi\u0119ki czemu mo\u017cemy szybko i <strong>skutecznie rekrutowa\u0107 i szkoli\u0107 pracownik\u00f3w tymczasowych<\/strong>. Takie dzia\u0142anie sprawia, \u017ce nasi pracownicy s\u0105 w stanie zasili\u0107 szeregi Pa\u0144stwa firmy w ci\u0105gu zaledwie kilku dni. Opr\u00f3cz pracownik\u00f3w produkcji mo\u017cemy zrekrutowa\u0107 dla Pa\u0144stwa tak\u017ce wykwalifikowany <a href=\"https:\/\/ewl.com.pl\/rekrutacja-pracownikow-technicznych-i-wykwalifikowanych\/\"><strong>personel techniczny<\/strong><\/a>.<\/p>\n\n\n\n<p><strong>Poszukiwanie pracownik\u00f3w<\/strong> to \u017cmudny proces, nierzadko zako\u0144czony niepowodzeniem. Agencja pracy tymczasowej EWL powsta\u0142a po to, aby zaoszcz\u0119dzi\u0107 Pa\u0144stwu czasu i nerw\u00f3w straconych na&nbsp;bezowocne rekrutacje. EWL pomo\u017ce w zatrudnieniu wykwalifikowanej kadry pracowniczej, kt\u00f3ra&nbsp;przyczyni si\u0119 do rozwoju Pa\u0144stwa firmy.<\/p>\n","protected":false},"excerpt":{"rendered":"<p>Agencja pracy EWL jest firm\u0105 dzia\u0142aj\u0105c\u0105 na terenie ca\u0142ej Polski. Prowadzimy rekrutacje i \u015bwiadczymy us\u0142ugi po\u015brednictwa pracy r\u00f3wnie\u017c na terenie Gda\u0144ska, a tak\u017ce ca\u0142ego wojew\u00f3dztwa pomorskiego. EWL to do\u015bwiadczona agencja pracy tymczasowej, kt\u00f3ra proponuje Pa\u0144stwu ofert\u0119 dopasowan\u0105 idealnie do potrzeb Pa\u0144stwa firmy, z uwzgl\u0119dnieniem jej wielko\u015bci oraz bran\u017cy, w kt\u00f3rej dzia\u0142a. EWL zatrudnia wykwalifikowanych rekruter\u00f3w, [&hellip;]<\/p>\n","protected":false},"author":42,"featured_media":0,"parent":0,"menu_order":0,"comment_status":"closed","ping_status":"closed","template":"","meta":{"_acf_changed":false,"footnotes":""},"class_list":["post-51012","page","type-page","status-publish","hentry"],"acf":[],"yoast_head":"<!-- This site is optimized with the Yoast SEO plugin v24.9 - https:\/\/yoast.com\/wordpress\/plugins\/seo\/ -->\n<title>Agencja pracy - Gda\u0144sk, Tr\u00f3jmiasto i wojew\u00f3dztwo pomorskie<\/title>\n<meta name=\"description\" content=\"Sprawd\u017a us\u0142ugi agencji pracy EWL dla przedsi\u0119biorc\u00f3w z Gda\u0144ska, Tr\u00f3jmiasta oraz ca\u0142ego wojew\u00f3dztwa pomorskiego. Poznaj nasz\u0105 ofert\u0119!\" \/>\n<meta name=\"robots\" content=\"index, follow, max-snippet:-1, max-image-preview:large, max-video-preview:-1\" \/>\n<link rel=\"canonical\" href=\"https:\/\/ewl.com.pl\/ewl\/agencja-pracy-gdansk\/\" \/>\n<meta property=\"og:locale\" content=\"pl_PL\" \/>\n<meta property=\"og:type\" content=\"article\" \/>\n<meta property=\"og:title\" content=\"Agencja pracy - Gda\u0144sk, Tr\u00f3jmiasto i wojew\u00f3dztwo pomorskie\" \/>\n<meta property=\"og:description\" content=\"Sprawd\u017a us\u0142ugi agencji pracy EWL dla przedsi\u0119biorc\u00f3w z Gda\u0144ska, Tr\u00f3jmiasta oraz ca\u0142ego wojew\u00f3dztwa pomorskiego. Poznaj nasz\u0105 ofert\u0119!\" \/>\n<meta property=\"og:url\" content=\"https:\/\/ewl.com.pl\/ewl\/agencja-pracy-gdansk\/\" \/>\n<meta property=\"og:site_name\" content=\"EWL Group\" \/>\n<meta property=\"article:modified_time\" content=\"2023-04-06T06:40:15+00:00\" \/>\n<meta property=\"og:image\" content=\"https:\/\/ewl.com.pl\/wp-content\/uploads\/2021\/10\/agencja-pracy-gdansk-trojmiasto-ewl.jpg\" \/>\n<meta name=\"twitter:card\" content=\"summary_large_image\" \/>\n<meta name=\"twitter:label1\" content=\"Est. reading time\" \/>\n\t<meta name=\"twitter:data1\" content=\"5 minut\" \/>\n<script type=\"application\/ld+json\" class=\"yoast-schema-graph\">{\"@context\":\"https:\/\/schema.org\",\"@graph\":[{\"@type\":\"WebPage\",\"@id\":\"https:\/\/ewl.com.pl\/ewl\/agencja-pracy-gdansk\/\",\"url\":\"https:\/\/ewl.com.pl\/ewl\/agencja-pracy-gdansk\/\",\"name\":\"Agencja pracy - Gda\u0144sk, Tr\u00f3jmiasto i wojew\u00f3dztwo pomorskie\",\"isPartOf\":{\"@id\":\"https:\/\/ewl.com.pl\/ewl\/#website\"},\"primaryImageOfPage\":{\"@id\":\"https:\/\/ewl.com.pl\/ewl\/agencja-pracy-gdansk\/#primaryimage\"},\"image\":{\"@id\":\"https:\/\/ewl.com.pl\/ewl\/agencja-pracy-gdansk\/#primaryimage\"},\"thumbnailUrl\":\"https:\/\/ewl.com.pl\/wp-content\/uploads\/2021\/10\/agencja-pracy-gdansk-trojmiasto-ewl.jpg\",\"datePublished\":\"2021-10-21T05:16:07+00:00\",\"dateModified\":\"2023-04-06T06:40:15+00:00\",\"description\":\"Sprawd\u017a us\u0142ugi agencji pracy EWL dla przedsi\u0119biorc\u00f3w z Gda\u0144ska, Tr\u00f3jmiasta oraz ca\u0142ego wojew\u00f3dztwa pomorskiego. Poznaj nasz\u0105 ofert\u0119!\",\"breadcrumb\":{\"@id\":\"https:\/\/ewl.com.pl\/ewl\/agencja-pracy-gdansk\/#breadcrumb\"},\"inLanguage\":\"pl-PL\",\"potentialAction\":[{\"@type\":\"ReadAction\",\"target\":[\"https:\/\/ewl.com.pl\/ewl\/agencja-pracy-gdansk\/\"]}]},{\"@type\":\"ImageObject\",\"inLanguage\":\"pl-PL\",\"@id\":\"https:\/\/ewl.com.pl\/ewl\/agencja-pracy-gdansk\/#primaryimage\",\"url\":\"https:\/\/ewl.com.pl\/wp-content\/uploads\/2021\/10\/agencja-pracy-gdansk-trojmiasto-ewl.jpg\",\"contentUrl\":\"https:\/\/ewl.com.pl\/wp-content\/uploads\/2021\/10\/agencja-pracy-gdansk-trojmiasto-ewl.jpg\"},{\"@type\":\"BreadcrumbList\",\"@id\":\"https:\/\/ewl.com.pl\/ewl\/agencja-pracy-gdansk\/#breadcrumb\",\"itemListElement\":[{\"@type\":\"ListItem\",\"position\":1,\"name\":\"Home\",\"item\":\"https:\/\/ewl.com.pl\/ewl\/\"},{\"@type\":\"ListItem\",\"position\":2,\"name\":\"Agencja pracy EWL w Gda\u0144sku\"}]},{\"@type\":\"WebSite\",\"@id\":\"https:\/\/ewl.com.pl\/ewl\/#website\",\"url\":\"https:\/\/ewl.com.pl\/ewl\/\",\"name\":\"EWL Group\",\"description\":\"\",\"publisher\":{\"@id\":\"https:\/\/ewl.com.pl\/ewl\/#organization\"},\"potentialAction\":[{\"@type\":\"SearchAction\",\"target\":{\"@type\":\"EntryPoint\",\"urlTemplate\":\"https:\/\/ewl.com.pl\/ewl\/?s={search_term_string}\"},\"query-input\":{\"@type\":\"PropertyValueSpecification\",\"valueRequired\":true,\"valueName\":\"search_term_string\"}}],\"inLanguage\":\"pl-PL\"},{\"@type\":\"Organization\",\"@id\":\"https:\/\/ewl.com.pl\/ewl\/#organization\",\"name\":\"EWL Group\",\"url\":\"https:\/\/ewl.com.pl\/ewl\/\",\"logo\":{\"@type\":\"ImageObject\",\"inLanguage\":\"pl-PL\",\"@id\":\"https:\/\/ewl.com.pl\/ewl\/#\/schema\/logo\/image\/\",\"url\":\"https:\/\/ewl.com.pl\/wp-content\/uploads\/2020\/06\/logo-white@2x.png\",\"contentUrl\":\"https:\/\/ewl.com.pl\/wp-content\/uploads\/2020\/06\/logo-white@2x.png\",\"width\":312,\"height\":130,\"caption\":\"EWL Group\"},\"image\":{\"@id\":\"https:\/\/ewl.com.pl\/ewl\/#\/schema\/logo\/image\/\"}}]}<\/script>\n<!-- \/ Yoast SEO plugin. -->","yoast_head_json":{"title":"Agencja pracy - Gda\u0144sk, Tr\u00f3jmiasto i wojew\u00f3dztwo pomorskie","description":"Sprawd\u017a us\u0142ugi agencji pracy EWL dla przedsi\u0119biorc\u00f3w z Gda\u0144ska, Tr\u00f3jmiasta oraz ca\u0142ego wojew\u00f3dztwa pomorskiego. Poznaj nasz\u0105 ofert\u0119!","robots":{"index":"index","follow":"follow","max-snippet":"max-snippet:-1","max-image-preview":"max-image-preview:large","max-video-preview":"max-video-preview:-1"},"canonical":"https:\/\/ewl.com.pl\/ewl\/agencja-pracy-gdansk\/","og_locale":"pl_PL","og_type":"article","og_title":"Agencja pracy - Gda\u0144sk, Tr\u00f3jmiasto i wojew\u00f3dztwo pomorskie","og_description":"Sprawd\u017a us\u0142ugi agencji pracy EWL dla przedsi\u0119biorc\u00f3w z Gda\u0144ska, Tr\u00f3jmiasta oraz ca\u0142ego wojew\u00f3dztwa pomorskiego. Poznaj nasz\u0105 ofert\u0119!","og_url":"https:\/\/ewl.com.pl\/ewl\/agencja-pracy-gdansk\/","og_site_name":"EWL Group","article_modified_time":"2023-04-06T06:40:15+00:00","og_image":[{"url":"https:\/\/ewl.com.pl\/wp-content\/uploads\/2021\/10\/agencja-pracy-gdansk-trojmiasto-ewl.jpg","type":"","width":"","height":""}],"twitter_card":"summary_large_image","twitter_misc":{"Est. reading time":"5 minut"},"schema":{"@context":"https:\/\/schema.org","@graph":[{"@type":"WebPage","@id":"https:\/\/ewl.com.pl\/ewl\/agencja-pracy-gdansk\/","url":"https:\/\/ewl.com.pl\/ewl\/agencja-pracy-gdansk\/","name":"Agencja pracy - Gda\u0144sk, Tr\u00f3jmiasto i wojew\u00f3dztwo pomorskie","isPartOf":{"@id":"https:\/\/ewl.com.pl\/ewl\/#website"},"primaryImageOfPage":{"@id":"https:\/\/ewl.com.pl\/ewl\/agencja-pracy-gdansk\/#primaryimage"},"image":{"@id":"https:\/\/ewl.com.pl\/ewl\/agencja-pracy-gdansk\/#primaryimage"},"thumbnailUrl":"https:\/\/ewl.com.pl\/wp-content\/uploads\/2021\/10\/agencja-pracy-gdansk-trojmiasto-ewl.jpg","datePublished":"2021-10-21T05:16:07+00:00","dateModified":"2023-04-06T06:40:15+00:00","description":"Sprawd\u017a us\u0142ugi agencji pracy EWL dla przedsi\u0119biorc\u00f3w z Gda\u0144ska, Tr\u00f3jmiasta oraz ca\u0142ego wojew\u00f3dztwa pomorskiego. Poznaj nasz\u0105 ofert\u0119!","breadcrumb":{"@id":"https:\/\/ewl.com.pl\/ewl\/agencja-pracy-gdansk\/#breadcrumb"},"inLanguage":"pl-PL","potentialAction":[{"@type":"ReadAction","target":["https:\/\/ewl.com.pl\/ewl\/agencja-pracy-gdansk\/"]}]},{"@type":"ImageObject","inLanguage":"pl-PL","@id":"https:\/\/ewl.com.pl\/ewl\/agencja-pracy-gdansk\/#primaryimage","url":"https:\/\/ewl.com.pl\/wp-content\/uploads\/2021\/10\/agencja-pracy-gdansk-trojmiasto-ewl.jpg","contentUrl":"https:\/\/ewl.com.pl\/wp-content\/uploads\/2021\/10\/agencja-pracy-gdansk-trojmiasto-ewl.jpg"},{"@type":"BreadcrumbList","@id":"https:\/\/ewl.com.pl\/ewl\/agencja-pracy-gdansk\/#breadcrumb","itemListElement":[{"@type":"ListItem","position":1,"name":"Home","item":"https:\/\/ewl.com.pl\/ewl\/"},{"@type":"ListItem","position":2,"name":"Agencja pracy EWL w Gda\u0144sku"}]},{"@type":"WebSite","@id":"https:\/\/ewl.com.pl\/ewl\/#website","url":"https:\/\/ewl.com.pl\/ewl\/","name":"EWL Group","description":"","publisher":{"@id":"https:\/\/ewl.com.pl\/ewl\/#organization"},"potentialAction":[{"@type":"SearchAction","target":{"@type":"EntryPoint","urlTemplate":"https:\/\/ewl.com.pl\/ewl\/?s={search_term_string}"},"query-input":{"@type":"PropertyValueSpecification","valueRequired":true,"valueName":"search_term_string"}}],"inLanguage":"pl-PL"},{"@type":"Organization","@id":"https:\/\/ewl.com.pl\/ewl\/#organization","name":"EWL Group","url":"https:\/\/ewl.com.pl\/ewl\/","logo":{"@type":"ImageObject","inLanguage":"pl-PL","@id":"https:\/\/ewl.com.pl\/ewl\/#\/schema\/logo\/image\/","url":"https:\/\/ewl.com.pl\/wp-content\/uploads\/2020\/06\/logo-white@2x.png","contentUrl":"https:\/\/ewl.com.pl\/wp-content\/uploads\/2020\/06\/logo-white@2x.png","width":312,"height":130,"caption":"EWL Group"},"image":{"@id":"https:\/\/ewl.com.pl\/ewl\/#\/schema\/logo\/image\/"}}]}},"_links":{"self":[{"href":"https:\/\/ewl.com.pl\/ewl\/wp-json\/wp\/v2\/pages\/51012","targetHints":{"allow":["GET"]}}],"collection":[{"href":"https:\/\/ewl.com.pl\/ewl\/wp-json\/wp\/v2\/pages"}],"about":[{"href":"https:\/\/ewl.com.pl\/ewl\/wp-json\/wp\/v2\/types\/page"}],"author":[{"embeddable":true,"href":"https:\/\/ewl.com.pl\/ewl\/wp-json\/wp\/v2\/users\/42"}],"replies":[{"embeddable":true,"href":"https:\/\/ewl.com.pl\/ewl\/wp-json\/wp\/v2\/comments?post=51012"}],"version-history":[{"count":3,"href":"https:\/\/ewl.com.pl\/ewl\/wp-json\/wp\/v2\/pages\/51012\/revisions"}],"predecessor-version":[{"id":70382,"href":"https:\/\/ewl.com.pl\/ewl\/wp-json\/wp\/v2\/pages\/51012\/revisions\/70382"}],"wp:attachment":[{"href":"https:\/\/ewl.com.pl\/ewl\/wp-json\/wp\/v2\/media?parent=51012"}],"curies":[{"name":"wp","href":"https:\/\/api.w.org\/{rel}","templated":true}]}}