{"id":45355,"date":"2021-02-04T16:24:10","date_gmt":"2021-02-04T15:24:10","guid":{"rendered":"https:\/\/ewl.com.pl\/?page_id=45355"},"modified":"2022-04-13T11:23:51","modified_gmt":"2022-04-13T09:23:51","slug":"zatrudnianie-cudzoziemcow","status":"publish","type":"page","link":"https:\/\/ewl.com.pl\/ewl\/zatrudnianie-cudzoziemcow\/","title":{"rendered":"Zatrudnianie cudzoziemc\u00f3w"},"content":{"rendered":"\n<div class=\"wp-block-image\"><figure class=\"alignright size-large is-resized\"><img loading=\"lazy\" decoding=\"async\" src=\"https:\/\/ewl.com.pl\/wp-content\/uploads\/2021\/02\/zatrudnianie-cudzoziemcow-leasing-wynajem-ewl-group.jpg\" alt=\"Zatrudnianie cudzoziemc\u00f3w - leasing pracowniczy EWL Group\" class=\"wp-image-45361\" width=\"300\" height=\"200\" srcset=\"https:\/\/ewl.com.pl\/ewl\/wp-content\/uploads\/2021\/02\/zatrudnianie-cudzoziemcow-leasing-wynajem-ewl-group.jpg 800w, https:\/\/ewl.com.pl\/ewl\/wp-content\/uploads\/2021\/02\/zatrudnianie-cudzoziemcow-leasing-wynajem-ewl-group-300x200.jpg 300w, https:\/\/ewl.com.pl\/ewl\/wp-content\/uploads\/2021\/02\/zatrudnianie-cudzoziemcow-leasing-wynajem-ewl-group-768x512.jpg 768w\" sizes=\"auto, (max-width: 300px) 100vw, 300px\" \/><\/figure><\/div>\n\n\n\n<p>Stopa bezrobocia w Polsce od kilku lat utrzymuje si\u0119 na stosunkowo niskim poziomie. Liczba os\u00f3b gotowych do podj\u0119cia pracy w rozwijaj\u0105cych si\u0119 i nowo powsta\u0142ych zak\u0142adach pracy cz\u0119sto nie pokrywa zapotrzebowania przedsi\u0119biorc\u00f3w. To sprawia, \u017ce firmy ch\u0119tnie decyduj\u0105 si\u0119 na <strong>zatrudnienie cudzoziemc\u00f3w<\/strong>.<\/p>\n\n\n\n<p><strong><a href=\"https:\/\/ewl.com.pl\/jak-zatrudnic-cudzoziemca-spoza-ue-proces-krok-po-kroku\/\" data-type=\"post\" data-id=\"47856\">Zatrudnienie obcokrajowca spoza UE<\/a><\/strong> wi\u0105\u017ce si\u0119 z szeregiem obowi\u0105zk\u00f3w po stronie pracodawcy. W zale\u017cno\u015bci od tego czy planujemy zatrudni\u0107 obywatela kraju obj\u0119tego tzw. procedur\u0105 uproszczon\u0105 (Ukraina, Gruzja, Armenia, Mo\u0142dawia, Rosja, Bia\u0142oru\u015b) czy si\u0119gamy po pracownik\u00f3w z Azji lub Afryki, inne b\u0119d\u0105 kroki, kt\u00f3re musimy podj\u0105\u0107.<\/p>\n\n\n<h2 class=\"wp-block-heading\" id=\"zatrudnienie-obcokrajowcow-oferta-dla-firm\">Zatrudnienie obcokrajowc\u00f3w \u2013 oferta dla firm<\/h2>\n\n\n<p>Najcz\u0119\u015bciej, ze wzgl\u0119du na blisko\u015b\u0107 j\u0119zykow\u0105 i kulturow\u0105, s\u0105 to <strong><a href=\"https:\/\/ewl.com.pl\/pracownicy-z-ukrainy-i-europy-wschodniej\/\" data-type=\"page\" data-id=\"48445\">pracownicy z Ukrainy<\/a><\/strong>, ale coraz cz\u0119\u015bciej na naszym rynku pracy pojawiaj\u0105 si\u0119 tak\u017ce obywatele z Azji.<\/p>\n\n\n\n<p>Dla firm planuj\u0105cych <strong>zatrudnienie pracownik\u00f3w z zagranicy<\/strong> Agencja EWL kompleksowo \u015bwiadczy us\u0142ugi z zakresu:<\/p>\n\n\n\n<ul class=\"wp-block-list\"><li><strong>Rekrutacji i selekcji pracownik\u00f3w z zagranicy<\/strong><\/li><li><strong><a href=\"https:\/\/ewl.com.pl\/leasing-pracownikow\/\">Pracy tymczasowej \/ leasingu (wynajmu) pracownik\u00f3w dla firm<\/a><\/strong><\/li><li><strong><a href=\"https:\/\/ewl.com.pl\/outsourcing-procesow-i-pracownikow\/\">Outsourcingu proces\u00f3w i funkcji<\/a><\/strong><\/li><li><strong><a href=\"https:\/\/ewl.com.pl\/transgraniczne-delegowanie-pracownikow\/\">Transgranicznego delegowania pracownik\u00f3w<\/a><\/strong><\/li><li><strong><a href=\"https:\/\/ewl.com.pl\/legalizacja-zatrudnienia-cudzoziemcow\/\">Kompleksowej legalizacji zatrudnienia obcokrajowc\u00f3w<\/a><\/strong><\/li><\/ul>\n\n\n\n<p><\/p>\n\n\n\n<hr class=\"wp-block-separator\"\/>\n\n\n\n<center><a href=\"https:\/\/ewl.com.pl\/kontakt\/?formSubject=zatrudnie\" class=\"btn btn__standard btn__standard--range\">Zapytaj o pe\u0142n\u0105 ofert\u0119<\/a>\n<\/center>\n\n\n\n<p><\/p>\n\n\n\n<hr class=\"wp-block-separator\"\/>\n\n\n\n<p><\/p>\n\n\n<h2 class=\"wp-block-heading\" id=\"agencja-pracy-dla-cudzoziemcow-dlaczego-warto-zaufac-ewl\">Agencja pracy dla cudzoziemc\u00f3w \u2013 dlaczego warto zaufa\u0107 EWL<\/h2>\n\n\n<p><strong><a href=\"https:\/\/ewl.com.pl\/jak-zazwyczaj-wyglada-zatrudnianie-cudzoziemca\/\" data-type=\"post\" data-id=\"47949\">Proces zatrudnienia obcokrajowca<\/a><\/strong> jest stosunkowo d\u0142ugi i z\u0142o\u017cony. Szczeg\u00f3lnie, kiedy decydujemy si\u0119 przeprowadzi\u0107 go samodzielnie. \u0141atwiejszym i szybszym sposobem na <strong>zatrudnienie cudzoziemca<\/strong> przez firm\u0119 jest skontaktowanie si\u0119 z wyspecjalizowan\u0105 agencj\u0105 pracy, kt\u00f3ra nie tylko zadba o legalno\u015b\u0107 zatrudnienia cudzoziemc\u00f3w, ale tak\u017ce wybierze najlepiej dopasowanych do potrzeb przedsi\u0119biorstwa pracownik\u00f3w.<\/p>\n\n\n<h2 class=\"wp-block-heading\" id=\"jak-zatrudnic-cudzoziemca-krok-po-kroku\">Jak zatrudni\u0107 cudzoziemca? &#8211; krok po kroku<\/h2>\n\n<h3 class=\"wp-block-heading\" id=\"1nbspnbspnbspnbsp-rekrutacja-pracownikow\">1.     Rekrutacja pracownik\u00f3w<\/h3>\n\n\n<p><strong>Proces pozyskiwania pracownik\u00f3w z zagranicy<\/strong> nale\u017cy zacz\u0105\u0107 od dobrze zaplanowanej rekrutacji. Lokalne portale og\u0142oszeniowe, ulotki, billboardy czy marketing szeptany \u2013 to tylko niekt\u00f3re ze sposob\u00f3w dotarcia do kandydat\u00f3w.<\/p>\n\n\n<h3 class=\"wp-block-heading\" id=\"2nbspnbspnbspnbsp-sprawy-urzedowe\">2.     Sprawy urz\u0119dowe<\/h3>\n\n\n<p>Je\u015bli znale\u017ali\u015bmy odpowiedniego kandydata, to czas postara\u0107 si\u0119 o zaproszenie dla cudzoziemca. W przypadku pracownik\u00f3w obj\u0119tych tzw. \u201e<a href=\"https:\/\/ewl.com.pl\/uproszczona-procedura-zatrudnienia-cudzoziemca\/\"><strong>procedur\u0105 uproszczon\u0105<\/strong><\/a>\u201d pierwszym dokumentem, o kt\u00f3ry musimy si\u0119 postara\u0107 jest o\u015bwiadczenie o powierzeniu pracy cudzoziemcowi (o\u015bwiadczenie o zamiarze zatrudnienia, <strong><a href=\"https:\/\/ewl.com.pl\/oswiadczenie-o-zatrudnieniu-cudzoziemca\/\" data-type=\"post\" data-id=\"48782\">o\u015bwiadczenie o zatrudnieniu cudzoziemca<\/a><\/strong>).<\/p>\n\n\n<h3 class=\"wp-block-heading\" id=\"3nbspnbspnbspnbsp-podpisanie-umowy-o-prace\">3.     Podpisanie umowy o prac\u0119<\/h3>\n\n\n<p>Decyduj\u0105c si\u0119 na <strong>zatrudnienie cudzoziemc\u00f3w<\/strong> warto odpowiednio wcze\u015bniej zastanowi\u0107 si\u0119 nad form\u0105 pracy. Co do zasady mo\u017cemy zawrze\u0107 umow\u0119 zlecenia z obcokrajowcem lub umow\u0119 o prac\u0119. Je\u015bli cudzoziemcy b\u0119d\u0105 \u015bwiadczy\u0107 t\u0119 sam\u0105 prac\u0119 co nasi etatowi pracownicy, musimy zapewni\u0107 im takie same warunki pracy i p\u0142acy.<\/p>\n\n\n\n<p>W EWL Group mo\u017cemy tak\u017ce <strong>zatrudni\u0107 obcokrajowc\u00f3w w oparciu o umow\u0119 o <a href=\"https:\/\/ewl.com.pl\/praca-tymczasowa-definicja-regulacje-wady-i-zalety\/\" data-type=\"post\" data-id=\"47998\">prac\u0119 tymczasow\u0105<\/a><\/strong>. To rozwi\u0105zanie \u015bwietnie sprawdza si\u0119 w bran\u017cach cechuj\u0105cych si\u0119 du\u017c\u0105 sezonowo\u015bci\u0105 &nbsp;produkcji czy w sytuacjach du\u017cej rotacji kadry.<\/p>\n\n\n<h2 class=\"wp-block-heading\" id=\"zatrudnienie-obcokrajowcow-aspekt-prawny\">Zatrudnienie obcokrajowc\u00f3w \u2013 aspekt prawny<\/h2>\n\n\n<p><strong>Zatrudnienie cudzoziemc\u00f3w w Polsce<\/strong> reguluje szereg dokument\u00f3w prawnych \u2013 ustaw i rozporz\u0105dze\u0144 \u2013 kt\u00f3re nale\u017cy zna\u0107, aby w spos\u00f3b bezpieczny dla biznesu, rozwija\u0107 swoj\u0105 kadr\u0119. Podstawowymi dokumentami reguluj\u0105cym zasady pobytu i pracy obcokrajowc\u00f3w na terenie RP s\u0105:<\/p>\n\n\n\n<ul class=\"wp-block-list\"><li><strong>Ustawa o cudzoziemcach<\/strong>, okre\u015blaj\u0105ca zasady wjazdu i pobytu obywateli pa\u0144stw trzecich na terenie Polski<\/li><li>Ustawa o promocji zatrudnienia i instytucjach rynku pracy, potocznie nazywana tak\u017ce <strong><a href=\"https:\/\/ewl.com.pl\/praca-tymczasowa-a-kodeks-pracy\/\" data-type=\"post\" data-id=\"47016\">ustaw\u0105 o zatrudnieniu cudzoziemc\u00f3w<\/a><\/strong><\/li><\/ul>\n\n\n\n<p>Warto pami\u0119ta\u0107, \u017ce zmiany w zatrudnianiu cudzoziemc\u00f3w s\u0105 dosy\u0107 cz\u0119ste. Wybieraj\u0105c wsp\u00f3\u0142prac\u0119 z <a href=\"\/\"><strong>agencj\u0105 pracy tymczasowej EWL<\/strong><\/a> maj\u0105 Pa\u0144stwo gwarancj\u0119 <strong>pe\u0142nej legalno\u015bci pobytu i pracy zatrudnionych pracownik\u00f3w<\/strong>. Na bie\u017c\u0105co \u015bledzimy nowelizacje ustaw i z wyprzedzeniem reagujemy na zmiany w prawodawstwie. Jeste\u015bmy odpowiedzialnym partnerem, z kt\u00f3rym warto rozwija\u0107 biznes!<\/p>\n\n\n\n<p class=\"has-text-align-center\"><p class=\"has-text-align-center\" id=\"block-ed638edb-4051-4ec5-912c-7b01061aeb69\"><strong>Zapraszamy do kontaktu!<\/strong><br>Z pewno\u015bci\u0105 dopasujemy najlepsze rozwi\u0105zanie na miar\u0119 potrzeb Pa\u0144stwa firmy.<\/p><\/p>\n\n\n\n<div id=\"block-245186be-117c-4dd8-b09f-b35a0ef40bac\" class=\"wp-block-image\"><figure class=\"aligncenter size-large is-resized\"><img loading=\"lazy\" decoding=\"async\" src=\"https:\/\/ewl.com.pl\/wp-content\/uploads\/2021\/02\/zatrudnianie-cudzoziemcow-michal-wierzchowski-ewl.jpg\" alt=\"Zatrudnianie obcokrajowc\u00f3w z EWL Group - Micha\u0142 Wierzchowski\" class=\"wp-image-45356\" width=\"198\" height=\"200\"\/><figcaption><strong>Micha\u0142 Wierzchowski<\/strong><br>Sales Director w EWL Group<\/figcaption><\/figure><\/div>\n\n\n\n<center><a href=\"https:\/\/ewl.com.pl\/kontakt\/?formSubject=zatrudnie\" class=\"btn btn__standard btn__standard--range\">Zapytaj o pe\u0142n\u0105 ofert\u0119<\/a>\n<\/center>\n\n\n\n<p><\/p>\n","protected":false},"excerpt":{"rendered":"<p>Stopa bezrobocia w Polsce od kilku lat utrzymuje si\u0119 na stosunkowo niskim poziomie. Liczba os\u00f3b gotowych do podj\u0119cia pracy w rozwijaj\u0105cych si\u0119 i nowo powsta\u0142ych zak\u0142adach pracy cz\u0119sto nie pokrywa zapotrzebowania przedsi\u0119biorc\u00f3w. To sprawia, \u017ce firmy ch\u0119tnie decyduj\u0105 si\u0119 na zatrudnienie cudzoziemc\u00f3w. Zatrudnienie obcokrajowca spoza UE wi\u0105\u017ce si\u0119 z szeregiem obowi\u0105zk\u00f3w po stronie pracodawcy. W [&hellip;]<\/p>\n","protected":false},"author":42,"featured_media":0,"parent":0,"menu_order":0,"comment_status":"closed","ping_status":"closed","template":"","meta":{"_acf_changed":false,"footnotes":""},"class_list":["post-45355","page","type-page","status-publish","hentry"],"acf":[],"yoast_head":"<!-- This site is optimized with the Yoast SEO plugin v24.9 - https:\/\/yoast.com\/wordpress\/plugins\/seo\/ -->\n<title>Zatrudnianie cudzoziemc\u00f3w - leasing pracownik\u00f3w zagranicznych z EWL<\/title>\n<meta name=\"description\" content=\"Dla firm planuj\u0105cych zatrudnienie pracownik\u00f3w z zagranicy kompleksowo \u015bwiadczymy us\u0142ugi leasingu pracowniczego i legalizacji zatrudnienia\" \/>\n<meta name=\"robots\" content=\"index, follow, max-snippet:-1, max-image-preview:large, max-video-preview:-1\" \/>\n<link rel=\"canonical\" href=\"https:\/\/ewl.com.pl\/ewl\/zatrudnianie-cudzoziemcow\/\" \/>\n<meta property=\"og:locale\" content=\"pl_PL\" \/>\n<meta property=\"og:type\" content=\"article\" \/>\n<meta property=\"og:title\" content=\"Zatrudnianie cudzoziemc\u00f3w - leasing pracownik\u00f3w zagranicznych z EWL\" \/>\n<meta property=\"og:description\" content=\"Dla firm planuj\u0105cych zatrudnienie pracownik\u00f3w z zagranicy kompleksowo \u015bwiadczymy us\u0142ugi leasingu pracowniczego i legalizacji zatrudnienia\" \/>\n<meta property=\"og:url\" content=\"https:\/\/ewl.com.pl\/ewl\/zatrudnianie-cudzoziemcow\/\" \/>\n<meta property=\"og:site_name\" content=\"EWL Group\" \/>\n<meta property=\"article:modified_time\" content=\"2022-04-13T09:23:51+00:00\" \/>\n<meta property=\"og:image\" content=\"https:\/\/ewl.com.pl\/wp-content\/uploads\/2021\/02\/zatrudnianie-cudzoziemcow-leasing-wynajem-ewl-group.jpg\" \/>\n<meta name=\"twitter:card\" content=\"summary_large_image\" \/>\n<meta name=\"twitter:label1\" content=\"Est. reading time\" \/>\n\t<meta name=\"twitter:data1\" content=\"4 minuty\" \/>\n<script type=\"application\/ld+json\" class=\"yoast-schema-graph\">{\"@context\":\"https:\/\/schema.org\",\"@graph\":[{\"@type\":\"WebPage\",\"@id\":\"https:\/\/ewl.com.pl\/ewl\/zatrudnianie-cudzoziemcow\/\",\"url\":\"https:\/\/ewl.com.pl\/ewl\/zatrudnianie-cudzoziemcow\/\",\"name\":\"Zatrudnianie cudzoziemc\u00f3w - leasing pracownik\u00f3w zagranicznych z EWL\",\"isPartOf\":{\"@id\":\"https:\/\/ewl.com.pl\/ewl\/#website\"},\"primaryImageOfPage\":{\"@id\":\"https:\/\/ewl.com.pl\/ewl\/zatrudnianie-cudzoziemcow\/#primaryimage\"},\"image\":{\"@id\":\"https:\/\/ewl.com.pl\/ewl\/zatrudnianie-cudzoziemcow\/#primaryimage\"},\"thumbnailUrl\":\"https:\/\/ewl.com.pl\/wp-content\/uploads\/2021\/02\/zatrudnianie-cudzoziemcow-leasing-wynajem-ewl-group.jpg\",\"datePublished\":\"2021-02-04T15:24:10+00:00\",\"dateModified\":\"2022-04-13T09:23:51+00:00\",\"description\":\"Dla firm planuj\u0105cych zatrudnienie pracownik\u00f3w z zagranicy kompleksowo \u015bwiadczymy us\u0142ugi leasingu pracowniczego i legalizacji zatrudnienia\",\"breadcrumb\":{\"@id\":\"https:\/\/ewl.com.pl\/ewl\/zatrudnianie-cudzoziemcow\/#breadcrumb\"},\"inLanguage\":\"pl-PL\",\"potentialAction\":[{\"@type\":\"ReadAction\",\"target\":[\"https:\/\/ewl.com.pl\/ewl\/zatrudnianie-cudzoziemcow\/\"]}]},{\"@type\":\"ImageObject\",\"inLanguage\":\"pl-PL\",\"@id\":\"https:\/\/ewl.com.pl\/ewl\/zatrudnianie-cudzoziemcow\/#primaryimage\",\"url\":\"https:\/\/ewl.com.pl\/wp-content\/uploads\/2021\/02\/zatrudnianie-cudzoziemcow-leasing-wynajem-ewl-group.jpg\",\"contentUrl\":\"https:\/\/ewl.com.pl\/wp-content\/uploads\/2021\/02\/zatrudnianie-cudzoziemcow-leasing-wynajem-ewl-group.jpg\"},{\"@type\":\"BreadcrumbList\",\"@id\":\"https:\/\/ewl.com.pl\/ewl\/zatrudnianie-cudzoziemcow\/#breadcrumb\",\"itemListElement\":[{\"@type\":\"ListItem\",\"position\":1,\"name\":\"Home\",\"item\":\"https:\/\/ewl.com.pl\/ewl\/\"},{\"@type\":\"ListItem\",\"position\":2,\"name\":\"Zatrudnianie cudzoziemc\u00f3w\"}]},{\"@type\":\"WebSite\",\"@id\":\"https:\/\/ewl.com.pl\/ewl\/#website\",\"url\":\"https:\/\/ewl.com.pl\/ewl\/\",\"name\":\"EWL Group\",\"description\":\"\",\"publisher\":{\"@id\":\"https:\/\/ewl.com.pl\/ewl\/#organization\"},\"potentialAction\":[{\"@type\":\"SearchAction\",\"target\":{\"@type\":\"EntryPoint\",\"urlTemplate\":\"https:\/\/ewl.com.pl\/ewl\/?s={search_term_string}\"},\"query-input\":{\"@type\":\"PropertyValueSpecification\",\"valueRequired\":true,\"valueName\":\"search_term_string\"}}],\"inLanguage\":\"pl-PL\"},{\"@type\":\"Organization\",\"@id\":\"https:\/\/ewl.com.pl\/ewl\/#organization\",\"name\":\"EWL Group\",\"url\":\"https:\/\/ewl.com.pl\/ewl\/\",\"logo\":{\"@type\":\"ImageObject\",\"inLanguage\":\"pl-PL\",\"@id\":\"https:\/\/ewl.com.pl\/ewl\/#\/schema\/logo\/image\/\",\"url\":\"https:\/\/ewl.com.pl\/wp-content\/uploads\/2020\/06\/logo-white@2x.png\",\"contentUrl\":\"https:\/\/ewl.com.pl\/wp-content\/uploads\/2020\/06\/logo-white@2x.png\",\"width\":312,\"height\":130,\"caption\":\"EWL Group\"},\"image\":{\"@id\":\"https:\/\/ewl.com.pl\/ewl\/#\/schema\/logo\/image\/\"}}]}<\/script>\n<!-- \/ Yoast SEO plugin. -->","yoast_head_json":{"title":"Zatrudnianie cudzoziemc\u00f3w - leasing pracownik\u00f3w zagranicznych z EWL","description":"Dla firm planuj\u0105cych zatrudnienie pracownik\u00f3w z zagranicy kompleksowo \u015bwiadczymy us\u0142ugi leasingu pracowniczego i legalizacji zatrudnienia","robots":{"index":"index","follow":"follow","max-snippet":"max-snippet:-1","max-image-preview":"max-image-preview:large","max-video-preview":"max-video-preview:-1"},"canonical":"https:\/\/ewl.com.pl\/ewl\/zatrudnianie-cudzoziemcow\/","og_locale":"pl_PL","og_type":"article","og_title":"Zatrudnianie cudzoziemc\u00f3w - leasing pracownik\u00f3w zagranicznych z EWL","og_description":"Dla firm planuj\u0105cych zatrudnienie pracownik\u00f3w z zagranicy kompleksowo \u015bwiadczymy us\u0142ugi leasingu pracowniczego i legalizacji zatrudnienia","og_url":"https:\/\/ewl.com.pl\/ewl\/zatrudnianie-cudzoziemcow\/","og_site_name":"EWL Group","article_modified_time":"2022-04-13T09:23:51+00:00","og_image":[{"url":"https:\/\/ewl.com.pl\/wp-content\/uploads\/2021\/02\/zatrudnianie-cudzoziemcow-leasing-wynajem-ewl-group.jpg","type":"","width":"","height":""}],"twitter_card":"summary_large_image","twitter_misc":{"Est. reading time":"4 minuty"},"schema":{"@context":"https:\/\/schema.org","@graph":[{"@type":"WebPage","@id":"https:\/\/ewl.com.pl\/ewl\/zatrudnianie-cudzoziemcow\/","url":"https:\/\/ewl.com.pl\/ewl\/zatrudnianie-cudzoziemcow\/","name":"Zatrudnianie cudzoziemc\u00f3w - leasing pracownik\u00f3w zagranicznych z EWL","isPartOf":{"@id":"https:\/\/ewl.com.pl\/ewl\/#website"},"primaryImageOfPage":{"@id":"https:\/\/ewl.com.pl\/ewl\/zatrudnianie-cudzoziemcow\/#primaryimage"},"image":{"@id":"https:\/\/ewl.com.pl\/ewl\/zatrudnianie-cudzoziemcow\/#primaryimage"},"thumbnailUrl":"https:\/\/ewl.com.pl\/wp-content\/uploads\/2021\/02\/zatrudnianie-cudzoziemcow-leasing-wynajem-ewl-group.jpg","datePublished":"2021-02-04T15:24:10+00:00","dateModified":"2022-04-13T09:23:51+00:00","description":"Dla firm planuj\u0105cych zatrudnienie pracownik\u00f3w z zagranicy kompleksowo \u015bwiadczymy us\u0142ugi leasingu pracowniczego i legalizacji zatrudnienia","breadcrumb":{"@id":"https:\/\/ewl.com.pl\/ewl\/zatrudnianie-cudzoziemcow\/#breadcrumb"},"inLanguage":"pl-PL","potentialAction":[{"@type":"ReadAction","target":["https:\/\/ewl.com.pl\/ewl\/zatrudnianie-cudzoziemcow\/"]}]},{"@type":"ImageObject","inLanguage":"pl-PL","@id":"https:\/\/ewl.com.pl\/ewl\/zatrudnianie-cudzoziemcow\/#primaryimage","url":"https:\/\/ewl.com.pl\/wp-content\/uploads\/2021\/02\/zatrudnianie-cudzoziemcow-leasing-wynajem-ewl-group.jpg","contentUrl":"https:\/\/ewl.com.pl\/wp-content\/uploads\/2021\/02\/zatrudnianie-cudzoziemcow-leasing-wynajem-ewl-group.jpg"},{"@type":"BreadcrumbList","@id":"https:\/\/ewl.com.pl\/ewl\/zatrudnianie-cudzoziemcow\/#breadcrumb","itemListElement":[{"@type":"ListItem","position":1,"name":"Home","item":"https:\/\/ewl.com.pl\/ewl\/"},{"@type":"ListItem","position":2,"name":"Zatrudnianie cudzoziemc\u00f3w"}]},{"@type":"WebSite","@id":"https:\/\/ewl.com.pl\/ewl\/#website","url":"https:\/\/ewl.com.pl\/ewl\/","name":"EWL Group","description":"","publisher":{"@id":"https:\/\/ewl.com.pl\/ewl\/#organization"},"potentialAction":[{"@type":"SearchAction","target":{"@type":"EntryPoint","urlTemplate":"https:\/\/ewl.com.pl\/ewl\/?s={search_term_string}"},"query-input":{"@type":"PropertyValueSpecification","valueRequired":true,"valueName":"search_term_string"}}],"inLanguage":"pl-PL"},{"@type":"Organization","@id":"https:\/\/ewl.com.pl\/ewl\/#organization","name":"EWL Group","url":"https:\/\/ewl.com.pl\/ewl\/","logo":{"@type":"ImageObject","inLanguage":"pl-PL","@id":"https:\/\/ewl.com.pl\/ewl\/#\/schema\/logo\/image\/","url":"https:\/\/ewl.com.pl\/wp-content\/uploads\/2020\/06\/logo-white@2x.png","contentUrl":"https:\/\/ewl.com.pl\/wp-content\/uploads\/2020\/06\/logo-white@2x.png","width":312,"height":130,"caption":"EWL Group"},"image":{"@id":"https:\/\/ewl.com.pl\/ewl\/#\/schema\/logo\/image\/"}}]}},"_links":{"self":[{"href":"https:\/\/ewl.com.pl\/ewl\/wp-json\/wp\/v2\/pages\/45355","targetHints":{"allow":["GET"]}}],"collection":[{"href":"https:\/\/ewl.com.pl\/ewl\/wp-json\/wp\/v2\/pages"}],"about":[{"href":"https:\/\/ewl.com.pl\/ewl\/wp-json\/wp\/v2\/types\/page"}],"author":[{"embeddable":true,"href":"https:\/\/ewl.com.pl\/ewl\/wp-json\/wp\/v2\/users\/42"}],"replies":[{"embeddable":true,"href":"https:\/\/ewl.com.pl\/ewl\/wp-json\/wp\/v2\/comments?post=45355"}],"version-history":[{"count":14,"href":"https:\/\/ewl.com.pl\/ewl\/wp-json\/wp\/v2\/pages\/45355\/revisions"}],"predecessor-version":[{"id":55853,"href":"https:\/\/ewl.com.pl\/ewl\/wp-json\/wp\/v2\/pages\/45355\/revisions\/55853"}],"wp:attachment":[{"href":"https:\/\/ewl.com.pl\/ewl\/wp-json\/wp\/v2\/media?parent=45355"}],"curies":[{"name":"wp","href":"https:\/\/api.w.org\/{rel}","templated":true}]}}