{"id":38465,"date":"2020-05-15T12:40:58","date_gmt":"2020-05-15T10:40:58","guid":{"rendered":"https:\/\/ewl.com.pl\/?page_id=38465"},"modified":"2024-04-23T12:59:04","modified_gmt":"2024-04-23T10:59:04","slug":"dla-inwestorow","status":"publish","type":"page","link":"https:\/\/ewl.com.pl\/ewl\/o-nas\/dla-inwestorow\/","title":{"rendered":"Dla inwestor\u00f3w"},"content":{"rendered":"<h2 class=\"wp-block-heading\" id=\"zgodnie-z-art-374-ksh-informujemy-ze\">Zgodnie z art. 374. k.s.h. informujemy, \u017ce:<\/h2>\n\n\n<ul class=\"wp-block-list\">\n<li>sp\u00f3\u0142ka dzia\u0142a pod firm\u0105: EWL Sp\u00f3\u0142ka Akcyjna,<\/li>\n\n\n\n<li>sp\u00f3\u0142ka posiada siedzib\u0119 w Warszawie, przy Al. Jerozolimskich 160, 02-326 Warszawa,<\/li>\n\n\n\n<li>s\u0105dem rejestrowym, w kt\u00f3rym przechowywana jest dokumentacja sp\u00f3\u0142ki jest: S\u0105d Rejonowy dla m.st. Warszawy w Warszawie, XIII Wydzia\u0142 Gospodarczy KRS,<\/li>\n\n\n\n<li>sp\u00f3\u0142ka wpisana jest do Krajowego Rejestru S\u0105dowego pod numerem: 0000080338,<\/li>\n\n\n\n<li>sp\u00f3\u0142ka posiada numer identyfikacji podatkowej (NIP): 1132330806,<\/li>\n\n\n\n<li>wysoko\u015b\u0107 kapita\u0142u zak\u0142adowego sp\u00f3\u0142ki wynosi: 100.000,00 z\u0142; kapita\u0142 zosta\u0142 op\u0142acony w ca\u0142o\u015bci.<\/li>\n<\/ul>\n\n\n\n<hr class=\"wp-block-separator has-text-color has-white-color has-alpha-channel-opacity has-white-background-color has-background\"\/>\n\n\n\n<div class=\"wp-block-media-text alignwide is-stacked-on-mobile has-medium-font-size\" style=\"grid-template-columns:15% auto\"><figure class=\"wp-block-media-text__media\"><img loading=\"lazy\" decoding=\"async\" width=\"128\" height=\"128\" src=\"https:\/\/ewl.com.pl\/wp-content\/uploads\/2023\/01\/pobierz-plik.png\" alt=\"\" class=\"wp-image-68216 size-full\"\/><\/figure><div class=\"wp-block-media-text__content\"><h4 class=\"wp-block-heading\" id=\"informacja-o-realizowanej-strategii-podatkowejza-rok-zakonczony-dnia-31-grudnia-2021-roku\">INFORMACJA O REALIZOWANEJ STRATEGII PODATKOWEJ<br>za rok zako\u0144czony dnia 31 grudnia 2021 roku<\/h4>\n\n\n<p><br><a href=\"https:\/\/ewl.com.pl\/wp-content\/uploads\/2023\/01\/EWL-Outsourcing-polityka-podatkowa-11.2022..pdf\">[pobierz plik]<\/a><\/p>\n<\/div><\/div>\n\n\n\n<hr class=\"wp-block-separator has-text-color has-white-color has-alpha-channel-opacity has-white-background-color has-background is-style-wide\"\/>\n\n\n\n<div class=\"wp-block-media-text alignwide is-stacked-on-mobile has-medium-font-size\" style=\"grid-template-columns:15% auto\"><figure class=\"wp-block-media-text__media\"><img loading=\"lazy\" decoding=\"async\" width=\"128\" height=\"128\" src=\"https:\/\/ewl.com.pl\/wp-content\/uploads\/2023\/01\/pobierz-plik.png\" alt=\"\" class=\"wp-image-68216 size-full\"\/><\/figure><div class=\"wp-block-media-text__content\"><h4 class=\"wp-block-heading\" id=\"ewl-outsourcing-sp-z-oo-informacja-o-realizowanej-strategii-podatkowej-za-rok-zakonczony-dnia-31-grudnia-2022-roku\">EWL Outsourcing sp. z o.o. &#8211; INFORMACJA O REALIZOWANEJ STRATEGII PODATKOWEJ za rok zako\u0144czony dnia 31 grudnia 2022 roku<\/h4>\n\n\n<p><br><a href=\"https:\/\/ewl.com.pl\/wp-content\/uploads\/2023\/12\/EWL-Outsourcing-polityka-podatkowa-2022.pdf\">[pobierz plik]<\/a><\/p>\n<\/div><\/div>\n\n\n\n<hr class=\"wp-block-separator has-text-color has-white-color has-alpha-channel-opacity has-white-background-color has-background\"\/>\n\n\n\n<div class=\"wp-block-media-text alignwide is-stacked-on-mobile has-medium-font-size\" style=\"grid-template-columns:15% auto\"><figure class=\"wp-block-media-text__media\"><img loading=\"lazy\" decoding=\"async\" width=\"128\" height=\"128\" src=\"https:\/\/ewl.com.pl\/wp-content\/uploads\/2023\/01\/pobierz-plik.png\" alt=\"\" class=\"wp-image-68216 size-full\"\/><\/figure><div class=\"wp-block-media-text__content\"><h4 class=\"wp-block-heading\" id=\"ewlit-spolka-z-ograniczona-odpowiedzialnoscia-sp-k-informacja-o-realizowanej-strategii-podatkowej-za-rok-zakonczony-dnia-31-grudnia-2022-roku\">EWLIT sp\u00f3\u0142ka z ograniczon\u0105 odpowiedzialno\u015bci\u0105 sp. k. &#8211; INFORMACJA O REALIZOWANEJ STRATEGII PODATKOWEJ za rok zako\u0144czony dnia 31 grudnia 2022 roku<\/h4>\n\n\n<p><br><a href=\"https:\/\/ewl.com.pl\/wp-content\/uploads\/2023\/12\/EWLIT-SK-polityka-podatkowa-2022.pdf\">[pobierz plik]<\/a><\/p>\n<\/div><\/div>\n\n\n\n<hr class=\"wp-block-separator has-text-color has-white-color has-alpha-channel-opacity has-white-background-color has-background\"\/>\n\n\n<h2 class=\"wp-block-heading\" id=\"pierwsze-wezwanie-do-zlozenia-dokumentow-akcji\">Pierwsze wezwanie do z\u0142o\u017cenia dokument\u00f3w akcji<\/h2>\n\n\n<p>W zwi\u0105zku z wej\u015bciem w \u017cycie ustawy z dnia 30 sierpnia 2019 r. o zmianie ustawy Kodeks sp\u00f3\u0142ek handlowych oraz niekt\u00f3rych innych ustaw (Dz.U. z 2019 r., poz. 1798), dalej jako \u201eUstawa\u201d, EWL S.A. (dalej jako: \u201eSp\u00f3\u0142ka\u201d), informuje akcjonariuszy o wprowadzeniu do polskiego porz\u0105dku prawnego obowi\u0105zkowej dematerializacji akcji sp\u00f3\u0142ek, kt\u00f3ra oznacza zast\u0105pienie papierowej formy akcji zapisem elektronicznym w rejestrze akcjonariuszy prowadzonym przez podmiot, o kt\u00f3rym mowa w art. 17 Ustawy.<br>Zgodnie z wprowadzonymi zmianami moc obowi\u0105zuj\u0105cych dokument\u00f3w akcji wydanych przez Sp\u00f3\u0142k\u0119 wygasa z mocy prawa z dniem 1 marca 2021 r. Po tym dniu akcje nie b\u0119d\u0105 dokumentem potwierdzaj\u0105cym status akcjonariusza, lecz wy\u0142\u0105cznie dokumentem dowodowym, niezb\u0119dnym do aktualizacji elektronicznego rejestru akcjonariuszy. Natomiast po dniu 1 stycznia 2026 r. nast\u0105pi utrata ochrony praw cz\u0142onkowskich przez akcjonariuszy, kt\u00f3rych dokumenty akcji nie zosta\u0142y z\u0142o\u017cone w sp\u00f3\u0142ce i nie zosta\u0142y uj\u0119te w elektronicznym rejestrze akcjonariuszy.<br>W zwi\u0105zku z powy\u017cszymi zmianami na podstawie art. 16 Ustawy zarz\u0105d Sp\u00f3\u0142ki wzywa wszystkich akcjonariuszy EWL S.A. do z\u0142o\u017cenia dokument\u00f3w akcji najp\u00f3\u017aniej do dnia 24 sierpnia 2020 r. w sekretariacie biura Sp\u00f3\u0142ki pod adresem Aleje Jerozolimskie nr 160, 02-326 Warszawa, w dniach roboczych (od poniedzia\u0142ku do pi\u0105tku) w godzinach 8.00 \u2013 16.00.<\/p>\n\n\n<h2 class=\"wp-block-heading\" id=\"drugie-wezwanie-do-zlozenia-dokumentow-akcji\"><strong>Drugie wezwanie do z\u0142o\u017cenia dokument\u00f3w akcji<\/strong><\/h2>\n\n\n<p>W zwi\u0105zku z wej\u015bciem w \u017cycie ustawy z dnia 30 sierpnia 2019 r. o zmianie ustawy Kodeks sp\u00f3\u0142ek handlowych oraz niekt\u00f3rych innych ustaw (Dz.U. z 2019 r., poz. 1798), dalej jako \u201eUstawa\u201d, EWL S.A. (dalej jako: \u201eSp\u00f3\u0142ka\u201d), informuje akcjonariuszy o wprowadzeniu do polskiego porz\u0105dku prawnego obowi\u0105zkowej dematerializacji akcji sp\u00f3\u0142ek, kt\u00f3ra oznacza zast\u0105pienie papierowej formy akcji zapisem elektronicznym w rejestrze akcjonariuszy prowadzonym przez podmiot, o kt\u00f3rym mowa w art. 17 Ustawy.<br>Zgodnie z wprowadzonymi zmianami moc obowi\u0105zuj\u0105cych dokument\u00f3w akcji wydanych przez Sp\u00f3\u0142k\u0119 wygasa z mocy prawa z dniem 1 marca 2021 r. Po tym dniu akcje nie b\u0119d\u0105 dokumentem potwierdzaj\u0105cym status akcjonariusza, lecz wy\u0142\u0105cznie dokumentem dowodowym, niezb\u0119dnym do aktualizacji elektronicznego rejestru akcjonariuszy. Natomiast po dniu 1 stycznia 2026 r. nast\u0105pi utrata ochrony praw cz\u0142onkowskich przez akcjonariuszy, kt\u00f3rych dokumenty akcji nie zosta\u0142y z\u0142o\u017cone w sp\u00f3\u0142ce i nie zosta\u0142y uj\u0119te w elektronicznym rejestrze akcjonariuszy.<br>W zwi\u0105zku z powy\u017cszymi zmianami na podstawie art. 16 Ustawy zarz\u0105d Sp\u00f3\u0142ki wzywa wszystkich akcjonariuszy EWL S.A. do z\u0142o\u017cenia dokument\u00f3w akcji najp\u00f3\u017aniej do dnia 24 sierpnia 2020 r. w sekretariacie biura Sp\u00f3\u0142ki pod adresem Aleje Jerozolimskie nr 160, 02-326 Warszawa, w dniach roboczych (od poniedzia\u0142ku do pi\u0105tku) w godzinach 8.00 \u2013 16.00.<\/p>\n","protected":false},"excerpt":{"rendered":"<p>Zgodnie z art. 374. k.s.h. informujemy, \u017ce: INFORMACJA O REALIZOWANEJ STRATEGII PODATKOWEJza rok zako\u0144czony dnia 31 grudnia 2021 roku [pobierz plik] EWL Outsourcing sp. z o.o. &#8211; INFORMACJA O REALIZOWANEJ STRATEGII PODATKOWEJ za rok zako\u0144czony dnia 31 grudnia 2022 roku [pobierz plik] EWLIT sp\u00f3\u0142ka z ograniczon\u0105 odpowiedzialno\u015bci\u0105 sp. k. &#8211; INFORMACJA O REALIZOWANEJ STRATEGII PODATKOWEJ [&hellip;]<\/p>\n","protected":false},"author":1,"featured_media":0,"parent":63,"menu_order":0,"comment_status":"closed","ping_status":"closed","template":"","meta":{"_acf_changed":false,"footnotes":""},"class_list":["post-38465","page","type-page","status-publish","hentry"],"acf":[],"yoast_head":"<!-- This site is optimized with the Yoast SEO plugin v24.9 - https:\/\/yoast.com\/wordpress\/plugins\/seo\/ -->\n<title>Agencja zatrudnienia - Informacje dla inwestor\u00f3w - EWL Group<\/title>\n<meta name=\"description\" content=\"Jedna z najwi\u0119kszych agencji zatrudnienia cudzoziemc\u00f3w w Polsce. Sprawdzony i stabilny partner na rynku pracy obcokrajowc\u00f3w.\" \/>\n<meta name=\"robots\" content=\"index, follow, max-snippet:-1, max-image-preview:large, max-video-preview:-1\" \/>\n<link rel=\"canonical\" href=\"https:\/\/ewl.com.pl\/\" \/>\n<meta property=\"og:locale\" content=\"pl_PL\" \/>\n<meta property=\"og:type\" content=\"article\" \/>\n<meta property=\"og:title\" content=\"Agencja zatrudnienia - Informacje dla inwestor\u00f3w - EWL Group\" \/>\n<meta property=\"og:description\" content=\"Jedna z najwi\u0119kszych agencji zatrudnienia cudzoziemc\u00f3w w Polsce. Sprawdzony i stabilny partner na rynku pracy obcokrajowc\u00f3w.\" \/>\n<meta property=\"og:url\" content=\"https:\/\/ewl.com.pl\/\" \/>\n<meta property=\"og:site_name\" content=\"EWL Group\" \/>\n<meta property=\"article:modified_time\" content=\"2024-04-23T10:59:04+00:00\" \/>\n<meta property=\"og:image\" content=\"https:\/\/ewl.com.pl\/wp-content\/uploads\/2023\/01\/pobierz-plik.png\" \/>\n<meta name=\"twitter:card\" content=\"summary_large_image\" \/>\n<meta name=\"twitter:label1\" content=\"Est. reading time\" \/>\n\t<meta name=\"twitter:data1\" content=\"4 minuty\" \/>\n<script type=\"application\/ld+json\" class=\"yoast-schema-graph\">{\"@context\":\"https:\/\/schema.org\",\"@graph\":[{\"@type\":\"WebPage\",\"@id\":\"https:\/\/ewl.com.pl\/ewl\/o-nas\/dla-inwestorow\/\",\"url\":\"https:\/\/ewl.com.pl\/\",\"name\":\"Agencja zatrudnienia - Informacje dla inwestor\u00f3w - EWL Group\",\"isPartOf\":{\"@id\":\"https:\/\/ewl.com.pl\/ewl\/#website\"},\"primaryImageOfPage\":{\"@id\":\"https:\/\/ewl.com.pl\/#primaryimage\"},\"image\":{\"@id\":\"https:\/\/ewl.com.pl\/#primaryimage\"},\"thumbnailUrl\":\"https:\/\/ewl.com.pl\/wp-content\/uploads\/2023\/01\/pobierz-plik.png\",\"datePublished\":\"2020-05-15T10:40:58+00:00\",\"dateModified\":\"2024-04-23T10:59:04+00:00\",\"description\":\"Jedna z najwi\u0119kszych agencji zatrudnienia cudzoziemc\u00f3w w Polsce. Sprawdzony i stabilny partner na rynku pracy obcokrajowc\u00f3w.\",\"breadcrumb\":{\"@id\":\"https:\/\/ewl.com.pl\/#breadcrumb\"},\"inLanguage\":\"pl-PL\",\"potentialAction\":[{\"@type\":\"ReadAction\",\"target\":[\"https:\/\/ewl.com.pl\/\"]}]},{\"@type\":\"ImageObject\",\"inLanguage\":\"pl-PL\",\"@id\":\"https:\/\/ewl.com.pl\/#primaryimage\",\"url\":\"https:\/\/ewl.com.pl\/wp-content\/uploads\/2023\/01\/pobierz-plik.png\",\"contentUrl\":\"https:\/\/ewl.com.pl\/wp-content\/uploads\/2023\/01\/pobierz-plik.png\"},{\"@type\":\"BreadcrumbList\",\"@id\":\"https:\/\/ewl.com.pl\/#breadcrumb\",\"itemListElement\":[{\"@type\":\"ListItem\",\"position\":1,\"name\":\"Home\",\"item\":\"https:\/\/ewl.com.pl\/ewl\/\"},{\"@type\":\"ListItem\",\"position\":2,\"name\":\"Kim jeste\u015bmy?\",\"item\":\"https:\/\/ewl.com.pl\/ewl\/o-nas\/\"},{\"@type\":\"ListItem\",\"position\":3,\"name\":\"Dla inwestor\u00f3w\"}]},{\"@type\":\"WebSite\",\"@id\":\"https:\/\/ewl.com.pl\/ewl\/#website\",\"url\":\"https:\/\/ewl.com.pl\/ewl\/\",\"name\":\"EWL Group\",\"description\":\"\",\"publisher\":{\"@id\":\"https:\/\/ewl.com.pl\/ewl\/#organization\"},\"potentialAction\":[{\"@type\":\"SearchAction\",\"target\":{\"@type\":\"EntryPoint\",\"urlTemplate\":\"https:\/\/ewl.com.pl\/ewl\/?s={search_term_string}\"},\"query-input\":{\"@type\":\"PropertyValueSpecification\",\"valueRequired\":true,\"valueName\":\"search_term_string\"}}],\"inLanguage\":\"pl-PL\"},{\"@type\":\"Organization\",\"@id\":\"https:\/\/ewl.com.pl\/ewl\/#organization\",\"name\":\"EWL Group\",\"url\":\"https:\/\/ewl.com.pl\/ewl\/\",\"logo\":{\"@type\":\"ImageObject\",\"inLanguage\":\"pl-PL\",\"@id\":\"https:\/\/ewl.com.pl\/ewl\/#\/schema\/logo\/image\/\",\"url\":\"https:\/\/ewl.com.pl\/wp-content\/uploads\/2020\/06\/logo-white@2x.png\",\"contentUrl\":\"https:\/\/ewl.com.pl\/wp-content\/uploads\/2020\/06\/logo-white@2x.png\",\"width\":312,\"height\":130,\"caption\":\"EWL Group\"},\"image\":{\"@id\":\"https:\/\/ewl.com.pl\/ewl\/#\/schema\/logo\/image\/\"}}]}<\/script>\n<!-- \/ Yoast SEO plugin. -->","yoast_head_json":{"title":"Agencja zatrudnienia - Informacje dla inwestor\u00f3w - EWL Group","description":"Jedna z najwi\u0119kszych agencji zatrudnienia cudzoziemc\u00f3w w Polsce. Sprawdzony i stabilny partner na rynku pracy obcokrajowc\u00f3w.","robots":{"index":"index","follow":"follow","max-snippet":"max-snippet:-1","max-image-preview":"max-image-preview:large","max-video-preview":"max-video-preview:-1"},"canonical":"https:\/\/ewl.com.pl\/","og_locale":"pl_PL","og_type":"article","og_title":"Agencja zatrudnienia - Informacje dla inwestor\u00f3w - EWL Group","og_description":"Jedna z najwi\u0119kszych agencji zatrudnienia cudzoziemc\u00f3w w Polsce. Sprawdzony i stabilny partner na rynku pracy obcokrajowc\u00f3w.","og_url":"https:\/\/ewl.com.pl\/","og_site_name":"EWL Group","article_modified_time":"2024-04-23T10:59:04+00:00","og_image":[{"url":"https:\/\/ewl.com.pl\/wp-content\/uploads\/2023\/01\/pobierz-plik.png","type":"","width":"","height":""}],"twitter_card":"summary_large_image","twitter_misc":{"Est. reading time":"4 minuty"},"schema":{"@context":"https:\/\/schema.org","@graph":[{"@type":"WebPage","@id":"https:\/\/ewl.com.pl\/ewl\/o-nas\/dla-inwestorow\/","url":"https:\/\/ewl.com.pl\/","name":"Agencja zatrudnienia - Informacje dla inwestor\u00f3w - EWL Group","isPartOf":{"@id":"https:\/\/ewl.com.pl\/ewl\/#website"},"primaryImageOfPage":{"@id":"https:\/\/ewl.com.pl\/#primaryimage"},"image":{"@id":"https:\/\/ewl.com.pl\/#primaryimage"},"thumbnailUrl":"https:\/\/ewl.com.pl\/wp-content\/uploads\/2023\/01\/pobierz-plik.png","datePublished":"2020-05-15T10:40:58+00:00","dateModified":"2024-04-23T10:59:04+00:00","description":"Jedna z najwi\u0119kszych agencji zatrudnienia cudzoziemc\u00f3w w Polsce. Sprawdzony i stabilny partner na rynku pracy obcokrajowc\u00f3w.","breadcrumb":{"@id":"https:\/\/ewl.com.pl\/#breadcrumb"},"inLanguage":"pl-PL","potentialAction":[{"@type":"ReadAction","target":["https:\/\/ewl.com.pl\/"]}]},{"@type":"ImageObject","inLanguage":"pl-PL","@id":"https:\/\/ewl.com.pl\/#primaryimage","url":"https:\/\/ewl.com.pl\/wp-content\/uploads\/2023\/01\/pobierz-plik.png","contentUrl":"https:\/\/ewl.com.pl\/wp-content\/uploads\/2023\/01\/pobierz-plik.png"},{"@type":"BreadcrumbList","@id":"https:\/\/ewl.com.pl\/#breadcrumb","itemListElement":[{"@type":"ListItem","position":1,"name":"Home","item":"https:\/\/ewl.com.pl\/ewl\/"},{"@type":"ListItem","position":2,"name":"Kim jeste\u015bmy?","item":"https:\/\/ewl.com.pl\/ewl\/o-nas\/"},{"@type":"ListItem","position":3,"name":"Dla inwestor\u00f3w"}]},{"@type":"WebSite","@id":"https:\/\/ewl.com.pl\/ewl\/#website","url":"https:\/\/ewl.com.pl\/ewl\/","name":"EWL Group","description":"","publisher":{"@id":"https:\/\/ewl.com.pl\/ewl\/#organization"},"potentialAction":[{"@type":"SearchAction","target":{"@type":"EntryPoint","urlTemplate":"https:\/\/ewl.com.pl\/ewl\/?s={search_term_string}"},"query-input":{"@type":"PropertyValueSpecification","valueRequired":true,"valueName":"search_term_string"}}],"inLanguage":"pl-PL"},{"@type":"Organization","@id":"https:\/\/ewl.com.pl\/ewl\/#organization","name":"EWL Group","url":"https:\/\/ewl.com.pl\/ewl\/","logo":{"@type":"ImageObject","inLanguage":"pl-PL","@id":"https:\/\/ewl.com.pl\/ewl\/#\/schema\/logo\/image\/","url":"https:\/\/ewl.com.pl\/wp-content\/uploads\/2020\/06\/logo-white@2x.png","contentUrl":"https:\/\/ewl.com.pl\/wp-content\/uploads\/2020\/06\/logo-white@2x.png","width":312,"height":130,"caption":"EWL Group"},"image":{"@id":"https:\/\/ewl.com.pl\/ewl\/#\/schema\/logo\/image\/"}}]}},"_links":{"self":[{"href":"https:\/\/ewl.com.pl\/ewl\/wp-json\/wp\/v2\/pages\/38465","targetHints":{"allow":["GET"]}}],"collection":[{"href":"https:\/\/ewl.com.pl\/ewl\/wp-json\/wp\/v2\/pages"}],"about":[{"href":"https:\/\/ewl.com.pl\/ewl\/wp-json\/wp\/v2\/types\/page"}],"author":[{"embeddable":true,"href":"https:\/\/ewl.com.pl\/ewl\/wp-json\/wp\/v2\/users\/1"}],"replies":[{"embeddable":true,"href":"https:\/\/ewl.com.pl\/ewl\/wp-json\/wp\/v2\/comments?post=38465"}],"version-history":[{"count":30,"href":"https:\/\/ewl.com.pl\/ewl\/wp-json\/wp\/v2\/pages\/38465\/revisions"}],"predecessor-version":[{"id":83816,"href":"https:\/\/ewl.com.pl\/ewl\/wp-json\/wp\/v2\/pages\/38465\/revisions\/83816"}],"up":[{"embeddable":true,"href":"https:\/\/ewl.com.pl\/ewl\/wp-json\/wp\/v2\/pages\/63"}],"wp:attachment":[{"href":"https:\/\/ewl.com.pl\/ewl\/wp-json\/wp\/v2\/media?parent=38465"}],"curies":[{"name":"wp","href":"https:\/\/api.w.org\/{rel}","templated":true}]}}